{"id":7531,"date":"2024-06-26T23:04:39","date_gmt":"2024-06-26T23:04:39","guid":{"rendered":"https:\/\/vxmventaspormayor.cl\/vxm\/?post_type=product&#038;p=7531"},"modified":"2024-06-26T23:05:19","modified_gmt":"2024-06-26T23:05:19","slug":"set-para-asados-maleta","status":"publish","type":"product","link":"https:\/\/www.vxmventaspormayor.cl\/vxm\/producto\/set-para-asados-maleta\/","title":{"rendered":"Set para asados Maleta"},"content":{"rendered":"","protected":false},"excerpt":{"rendered":"<p>Set de asado Deluxe BBQ en caja met\u00e1lica. Contiene tres herramientas para asar, todas de acero inoxidable: un cuchillo, un tenedor y unas tenazas. El interior est\u00e1 forrado con tela ecol\u00f3gica negra. La caja tiene un asa y cierres met\u00e1licos. Tambi\u00e9n incluye una placa met\u00e1lica rectangular para grabar un logo. Se presenta en una bolsa de burbujas y una elegante caja de cart\u00f3n laminado plateado.<\/p>\n<p>&nbsp;<\/p>\n<p>Tama\u00f1o: Set: 37 x 10 x 8 cm \/ Placa met\u00e1lica: 6.5 x 3.5 cm.<br \/>\n\u2022 Colores:Plata (00).<br \/>\n\u2022 Sugerencia: Grabado L\u00e1ser \u2013 Pantograf\u00eda.<br \/>\n\u2022 Presentaci\u00f3n: Caja plateada de cart\u00f3n laminado.<br \/>\n\u2022 Material: Aluminio + Acero Inoxidable.<\/p>\n<p>&nbsp;<\/p>\n<p>Recuerda consultar Valores mayoristas<\/p>\n","protected":false},"featured_media":7533,"comment_status":"closed","ping_status":"closed","template":"","meta":[],"product_brand":[],"product_cat":[64,60,89],"product_tag":[],"class_list":{"0":"post-7531","1":"product","2":"type-product","3":"status-publish","4":"has-post-thumbnail","6":"product_cat-herramientas-parrilleras","7":"product_cat-parrilla-y-bbq","8":"product_cat-regalos-18-de-septiembre","9":"thunk-woo-product-list","10":"opn-qv-enable","11":"top-store-woo-hover-zoom","12":"top-store-single-product-tab-horizontal","13":"top-store-shadow-","14":"top-store-shadow-hover-","16":"first","17":"instock","18":"taxable","19":"shipping-taxable","20":"purchasable","21":"product-type-simple"},"_links":{"self":[{"href":"https:\/\/www.vxmventaspormayor.cl\/vxm\/wp-json\/wp\/v2\/product\/7531","targetHints":{"allow":["GET"]}}],"collection":[{"href":"https:\/\/www.vxmventaspormayor.cl\/vxm\/wp-json\/wp\/v2\/product"}],"about":[{"href":"https:\/\/www.vxmventaspormayor.cl\/vxm\/wp-json\/wp\/v2\/types\/product"}],"replies":[{"embeddable":true,"href":"https:\/\/www.vxmventaspormayor.cl\/vxm\/wp-json\/wp\/v2\/comments?post=7531"}],"wp:featuredmedia":[{"embeddable":true,"href":"https:\/\/www.vxmventaspormayor.cl\/vxm\/wp-json\/wp\/v2\/media\/7533"}],"wp:attachment":[{"href":"https:\/\/www.vxmventaspormayor.cl\/vxm\/wp-json\/wp\/v2\/media?parent=7531"}],"wp:term":[{"taxonomy":"product_brand","embeddable":true,"href":"https:\/\/www.vxmventaspormayor.cl\/vxm\/wp-json\/wp\/v2\/product_brand?post=7531"},{"taxonomy":"product_cat","embeddable":true,"href":"https:\/\/www.vxmventaspormayor.cl\/vxm\/wp-json\/wp\/v2\/product_cat?post=7531"},{"taxonomy":"product_tag","embeddable":true,"href":"https:\/\/www.vxmventaspormayor.cl\/vxm\/wp-json\/wp\/v2\/product_tag?post=7531"}],"curies":[{"name":"wp","href":"https:\/\/api.w.org\/{rel}","templated":true}]}}

<p>Set de asado Deluxe BBQ en caja metálica. Contiene tres herramientas para asar, todas de acero inoxidable: un cuchillo, un tenedor y unas tenazas. El interior está forrado con tela ecológica negra. La caja tiene un asa y cierres metálicos. También incluye una placa metálica rectangular para grabar un logo. Se presenta en una bolsa de burbujas y una elegante caja de cartón laminado plateado.</p>
<p>&nbsp;</p>
<p>Tamaño: Set: 37 x 10 x 8 cm / Placa metálica: 6.5 x 3.5 cm.<br />
• Colores:Plata (00).<br />
• Sugerencia: Grabado Láser – Pantografía.<br />
• Presentación: Caja plateada de cartón laminado.<br />
• Material: Aluminio + Acero Inoxidable.</p>
<p>&nbsp;</p>
<p>Recuerda consultar Valores mayoristas</p>
