{"id":7298,"date":"2023-10-11T13:11:54","date_gmt":"2023-10-11T13:11:54","guid":{"rendered":"https:\/\/vxmventaspormayor.cl\/vxm\/?post_type=product&#038;p=7298"},"modified":"2023-10-11T13:13:33","modified_gmt":"2023-10-11T13:13:33","slug":"pendrive-8g","status":"publish","type":"product","link":"https:\/\/www.vxmventaspormayor.cl\/vxm\/producto\/pendrive-8g\/","title":{"rendered":"Pendrive 8G"},"content":{"rendered":"<p>Explora nuestra colecci\u00f3n de pendrive 8G, dispositivos de almacenamiento esenciales que combinan funcionalidad y estilo. Con capacidades que van desde 8 GB hasta 128 GB, encontrar\u00e1s el tama\u00f1o perfecto para tus necesidades de almacenamiento. Nuestros pendrives est\u00e1n dise\u00f1ados para garantizar transferencias r\u00e1pidas y seguras de datos .Ya sea para uso personal, profesional o regalos corporativos, estos dispositivos compactos y duraderos te brindan la confianza de llevar tus archivos importantes contigo a donde vayas. Elige entre una variedad de dise\u00f1os modernos y colores elegantes que se adaptan atus necesidades.<\/p>\n","protected":false},"excerpt":{"rendered":"<p>Valor por unidad<\/p>\n<p>venta minima 20 unidades<\/p>\n<p>USB Pendrive con carcasa met\u00e1lica de giro y cuerpo de silicona de color, de 8 GB de capacidad.<\/p>\n<p>Presentaci\u00f3n en caja de PVC trasl\u00facido.<\/p>\n<p>&nbsp;<\/p>\n<p>Escribe al whatsapp para consultar mayores cantidades (50-100-200-500-1000)<\/p>\n","protected":false},"featured_media":7299,"comment_status":"closed","ping_status":"closed","template":"","meta":[],"product_brand":[],"product_cat":[101],"product_tag":[],"class_list":{"0":"post-7298","1":"product","2":"type-product","3":"status-publish","4":"has-post-thumbnail","6":"product_cat-pendrive-por-mayor-personalizados","7":"thunk-woo-product-list","8":"opn-qv-enable","9":"top-store-woo-hover-zoom","10":"top-store-single-product-tab-horizontal","11":"top-store-shadow-","12":"top-store-shadow-hover-","14":"first","15":"instock","16":"taxable","17":"shipping-taxable","18":"purchasable","19":"product-type-simple"},"_links":{"self":[{"href":"https:\/\/www.vxmventaspormayor.cl\/vxm\/wp-json\/wp\/v2\/product\/7298","targetHints":{"allow":["GET"]}}],"collection":[{"href":"https:\/\/www.vxmventaspormayor.cl\/vxm\/wp-json\/wp\/v2\/product"}],"about":[{"href":"https:\/\/www.vxmventaspormayor.cl\/vxm\/wp-json\/wp\/v2\/types\/product"}],"replies":[{"embeddable":true,"href":"https:\/\/www.vxmventaspormayor.cl\/vxm\/wp-json\/wp\/v2\/comments?post=7298"}],"wp:featuredmedia":[{"embeddable":true,"href":"https:\/\/www.vxmventaspormayor.cl\/vxm\/wp-json\/wp\/v2\/media\/7299"}],"wp:attachment":[{"href":"https:\/\/www.vxmventaspormayor.cl\/vxm\/wp-json\/wp\/v2\/media?parent=7298"}],"wp:term":[{"taxonomy":"product_brand","embeddable":true,"href":"https:\/\/www.vxmventaspormayor.cl\/vxm\/wp-json\/wp\/v2\/product_brand?post=7298"},{"taxonomy":"product_cat","embeddable":true,"href":"https:\/\/www.vxmventaspormayor.cl\/vxm\/wp-json\/wp\/v2\/product_cat?post=7298"},{"taxonomy":"product_tag","embeddable":true,"href":"https:\/\/www.vxmventaspormayor.cl\/vxm\/wp-json\/wp\/v2\/product_tag?post=7298"}],"curies":[{"name":"wp","href":"https:\/\/api.w.org\/{rel}","templated":true}]}}

<p>Explora nuestra colección de pendrive 8G, dispositivos de almacenamiento esenciales que combinan funcionalidad y estilo. Con capacidades que van desde 8 GB hasta 128 GB, encontrarás el tamaño perfecto para tus necesidades de almacenamiento. Nuestros pendrives están diseñados para garantizar transferencias rápidas y seguras de datos .Ya sea para uso personal, profesional o regalos corporativos, estos dispositivos compactos y duraderos te brindan la confianza de llevar tus archivos importantes contigo a donde vayas. Elige entre una variedad de diseños modernos y colores elegantes que se adaptan atus necesidades.</p>

<p>Valor por unidad</p>
<p>venta minima 20 unidades</p>
<p>USB Pendrive con carcasa metálica de giro y cuerpo de silicona de color, de 8 GB de capacidad.</p>
<p>Presentación en caja de PVC traslúcido.</p>
<p>&nbsp;</p>
<p>Escribe al whatsapp para consultar mayores cantidades (50-100-200-500-1000)</p>
