{"id":7294,"date":"2023-10-11T01:47:00","date_gmt":"2023-10-11T01:47:00","guid":{"rendered":"https:\/\/vxmventaspormayor.cl\/vxm\/?post_type=product&#038;p=7294"},"modified":"2023-10-11T01:47:20","modified_gmt":"2023-10-11T01:47:20","slug":"panuelos-de-cuello-tnt","status":"publish","type":"product","link":"https:\/\/www.vxmventaspormayor.cl\/vxm\/producto\/panuelos-de-cuello-tnt\/","title":{"rendered":"Pa\u00f1uelos de cuello tnt"},"content":{"rendered":"<h2>Los pa\u00f1uelos de cuello\u00a0 TNT (tela no tejida)<\/h2>\n<p>con material ecol\u00f3gico es una herramienta vers\u00e1til y sostenible para actividades corporativas. Puede usarse como:<\/p>\n<p><strong>Accesorio de Identificaci\u00f3n:<\/strong> Personalizado con el logo de la empresa, puede ser utilizado para identificar a los participantes en conferencias, seminarios o ferias, fortaleciendo la presencia de la marca,actividades en equipos,como distintivos.<\/p>\n<p>&nbsp;<\/p>\n","protected":false},"excerpt":{"rendered":"<p>Pa\u00f1uelo de cuello tnt<\/p>\n<p>Valor popr unidad<\/p>\n<p>Venta minima 30 unidades<\/p>\n<p>sobre 100 unidades 999+iva cada uno<\/p>\n<p>Eleva tu imagen corporativa con nuestros pa\u00f1uelos de cuello tnt, la elecci\u00f3n perfecta para destacar en eventos y actividades empresariales. Su dise\u00f1o\u00a0 vers\u00e1til se adapta a cualquier ocasi\u00f3n, a\u00f1adiendo un toque de distinci\u00f3n a tu equipo. Fabricado con material tnt , combina comodidad y durabilidad. Potencia la cohesi\u00f3n de tu grupo y proyecta una imagen profesional impecable. \u00a1Haz que tu presencia sea inolvidable y marca la diferencia en cada encuentro!\u00bb<\/p>\n","protected":false},"featured_media":7295,"comment_status":"closed","ping_status":"closed","template":"","meta":[],"product_brand":[],"product_cat":[100],"product_tag":[],"class_list":{"0":"post-7294","1":"product","2":"type-product","3":"status-publish","4":"has-post-thumbnail","6":"product_cat-productos-de-tnt","7":"thunk-woo-product-list","8":"opn-qv-enable","9":"top-store-woo-hover-zoom","10":"top-store-single-product-tab-horizontal","11":"top-store-shadow-","12":"top-store-shadow-hover-","14":"first","15":"instock","16":"taxable","17":"shipping-taxable","18":"purchasable","19":"product-type-simple"},"_links":{"self":[{"href":"https:\/\/www.vxmventaspormayor.cl\/vxm\/wp-json\/wp\/v2\/product\/7294","targetHints":{"allow":["GET"]}}],"collection":[{"href":"https:\/\/www.vxmventaspormayor.cl\/vxm\/wp-json\/wp\/v2\/product"}],"about":[{"href":"https:\/\/www.vxmventaspormayor.cl\/vxm\/wp-json\/wp\/v2\/types\/product"}],"replies":[{"embeddable":true,"href":"https:\/\/www.vxmventaspormayor.cl\/vxm\/wp-json\/wp\/v2\/comments?post=7294"}],"wp:featuredmedia":[{"embeddable":true,"href":"https:\/\/www.vxmventaspormayor.cl\/vxm\/wp-json\/wp\/v2\/media\/7295"}],"wp:attachment":[{"href":"https:\/\/www.vxmventaspormayor.cl\/vxm\/wp-json\/wp\/v2\/media?parent=7294"}],"wp:term":[{"taxonomy":"product_brand","embeddable":true,"href":"https:\/\/www.vxmventaspormayor.cl\/vxm\/wp-json\/wp\/v2\/product_brand?post=7294"},{"taxonomy":"product_cat","embeddable":true,"href":"https:\/\/www.vxmventaspormayor.cl\/vxm\/wp-json\/wp\/v2\/product_cat?post=7294"},{"taxonomy":"product_tag","embeddable":true,"href":"https:\/\/www.vxmventaspormayor.cl\/vxm\/wp-json\/wp\/v2\/product_tag?post=7294"}],"curies":[{"name":"wp","href":"https:\/\/api.w.org\/{rel}","templated":true}]}}