{"id":7258,"date":"2023-10-08T23:17:55","date_gmt":"2023-10-08T23:17:55","guid":{"rendered":"https:\/\/vxmventaspormayor.cl\/vxm\/?post_type=product&#038;p=7258"},"modified":"2023-10-08T23:20:55","modified_gmt":"2023-10-08T23:20:55","slug":"llavero-de-cuero-por-mayor","status":"publish","type":"product","link":"https:\/\/www.vxmventaspormayor.cl\/vxm\/producto\/llavero-de-cuero-por-mayor\/","title":{"rendered":"llavero de cuero por mayor"},"content":{"rendered":"<p>Potencia tu negocio con nuestra oferta de llavero de cuero por mayor . Sorprende a tus clientes y socios comerciales con regalos corporativos de elegancia insuperable. Cada llavero es un testimonio de calidad y buen gusto que fortalecer\u00e1 tus relaciones empresariales. Ofrecemos excelentes precios para que tu inversi\u00f3n se traduzca en \u00e9xito garantizado. Haz que tu marca destaque con estos exclusivos llaveros: un toque de distinci\u00f3n que har\u00e1 una impresi\u00f3n duradera.<\/p>\n","protected":false},"excerpt":{"rendered":"<p>llavero de cuero valor incluye 1 unidad<\/p>\n<p>Venta minima 30 unidades<\/p>\n<p>color negro ,cafe toffe,cafe oscuro<\/p>\n<p>medidas 13 de largo x2 de ancho base de cuero<\/p>\n<p>&nbsp;<\/p>\n<p>si quieres personalizaci\u00f3n escribenos al whatsapp para cotizar personalizaci\u00f3n<\/p>\n<p>&nbsp;<\/p>\n<p>se vende por menos cantidad consulta precios al whatssap<\/p>\n","protected":false},"featured_media":7259,"comment_status":"closed","ping_status":"closed","template":"","meta":[],"product_brand":[],"product_cat":[90],"product_tag":[],"class_list":{"0":"post-7258","1":"product","2":"type-product","3":"status-publish","4":"has-post-thumbnail","6":"product_cat-llaveros-personalizados","7":"thunk-woo-product-list","8":"opn-qv-enable","9":"top-store-woo-hover-zoom","10":"top-store-single-product-tab-horizontal","11":"top-store-shadow-","12":"top-store-shadow-hover-","14":"first","15":"instock","16":"sale","17":"taxable","18":"shipping-taxable","19":"purchasable","20":"product-type-simple"},"_links":{"self":[{"href":"https:\/\/www.vxmventaspormayor.cl\/vxm\/wp-json\/wp\/v2\/product\/7258","targetHints":{"allow":["GET"]}}],"collection":[{"href":"https:\/\/www.vxmventaspormayor.cl\/vxm\/wp-json\/wp\/v2\/product"}],"about":[{"href":"https:\/\/www.vxmventaspormayor.cl\/vxm\/wp-json\/wp\/v2\/types\/product"}],"replies":[{"embeddable":true,"href":"https:\/\/www.vxmventaspormayor.cl\/vxm\/wp-json\/wp\/v2\/comments?post=7258"}],"wp:featuredmedia":[{"embeddable":true,"href":"https:\/\/www.vxmventaspormayor.cl\/vxm\/wp-json\/wp\/v2\/media\/7259"}],"wp:attachment":[{"href":"https:\/\/www.vxmventaspormayor.cl\/vxm\/wp-json\/wp\/v2\/media?parent=7258"}],"wp:term":[{"taxonomy":"product_brand","embeddable":true,"href":"https:\/\/www.vxmventaspormayor.cl\/vxm\/wp-json\/wp\/v2\/product_brand?post=7258"},{"taxonomy":"product_cat","embeddable":true,"href":"https:\/\/www.vxmventaspormayor.cl\/vxm\/wp-json\/wp\/v2\/product_cat?post=7258"},{"taxonomy":"product_tag","embeddable":true,"href":"https:\/\/www.vxmventaspormayor.cl\/vxm\/wp-json\/wp\/v2\/product_tag?post=7258"}],"curies":[{"name":"wp","href":"https:\/\/api.w.org\/{rel}","templated":true}]}}