{"id":7209,"date":"2023-02-07T19:23:07","date_gmt":"2023-02-07T19:23:07","guid":{"rendered":"https:\/\/vxmventaspormayor.cl\/vxm\/?post_type=product&#038;p=7209"},"modified":"2024-08-10T13:31:15","modified_gmt":"2024-08-10T13:31:15","slug":"porta-documento-pvc","status":"publish","type":"product","link":"https:\/\/www.vxmventaspormayor.cl\/vxm\/producto\/porta-documento-pvc\/","title":{"rendered":"Porta documento pvc"},"content":{"rendered":"<h1>Porta documento pvc<\/h1>\n<p>Llevar un porta documentos con logo de PVC tiene varios beneficantajes, tales como:<\/p>\n<ol>\n<li>Profesionalismo: Llevar tus documentos importantes en un porta documentos personalizado con tu logo aumenta tu imagen profesional y muestra tu dedicaci\u00f3n a los detalles.<\/li>\n<li>Organizaci\u00f3n: Mantener tus documentos en un solo lugar te permite tenerlos a mano y acceder a ellos f\u00e1cilmente, mejorando la organizaci\u00f3n y eficiencia.<\/li>\n<li>Protecci\u00f3n: El PVC es un material resistente que protege tus documentos de la humedad, la suciedad y otros da\u00f1os, manteni\u00e9ndolos en buen estado por m\u00e1s tiempo.<\/li>\n<li>Publicidad: Al llevar tu logo en tu porta documentos, est\u00e1s haciendo publicidad de tu marca y difundi\u00e9ndola a todas partes donde lleves tus documentos.<\/li>\n<li>Personalizaci\u00f3n: La opci\u00f3n de personalizar tu porta documentos con tu logo y colores te permite diferenciarte de los dem\u00e1s y demostrar tu estilo personal.<\/li>\n<\/ol>\n","protected":false},"excerpt":{"rendered":"<h1>Porta documento pvc flexible<\/h1>\n<p>1 Compartimento<\/p>\n<p>Venta minima 30 unidades<\/p>\n<p>&nbsp;<\/p>\n<p>Este porta documentos de PVC es de tama\u00f1o aproximado de 22&#215;15. 22&#215;13. 22&#215;12 cm\u00a0 aproximados y cuenta con un broche de ajuste para guardar y mantener seguros tus documentos. Este broche puede ir alternado en las partidas Adem\u00e1s, puede ser personalizado con tu logo para un toque de profesionalismo y personalidad.<\/p>\n<p>Se encuentra disponible en variedad de colores<\/p>\n<p>&nbsp;<\/p>\n<p><strong>Este porta documentos de PVC est\u00e1 disponible para mayoristas, escr\u00edbanos al WhatsApp para obtener una cotizaci\u00f3n personalizada. Adem\u00e1s, ofrecemos la opci\u00f3n de personalizar el producto con su logo para una identificaci\u00f3n m\u00e1s fuerte de su marca. Hablemos sobre c\u00f3mo podemos ayudarlo con sus necesidades de compra por mayor y cotizar logo<\/strong><\/p>\n<p>&nbsp;<\/p>\n","protected":false},"featured_media":7210,"comment_status":"closed","ping_status":"closed","template":"","meta":[],"product_brand":[],"product_cat":[45,57],"product_tag":[],"class_list":{"0":"post-7209","1":"product","2":"type-product","3":"status-publish","4":"has-post-thumbnail","6":"product_cat-porta-documentos-viajes","7":"product_cat-portadocumentos-para-auto-y-viajes","8":"thunk-woo-product-list","9":"opn-qv-enable","10":"top-store-woo-hover-zoom","11":"top-store-single-product-tab-horizontal","12":"top-store-shadow-","13":"top-store-shadow-hover-","15":"first","16":"instock","17":"virtual","18":"taxable","19":"purchasable","20":"product-type-simple"},"_links":{"self":[{"href":"https:\/\/www.vxmventaspormayor.cl\/vxm\/wp-json\/wp\/v2\/product\/7209","targetHints":{"allow":["GET"]}}],"collection":[{"href":"https:\/\/www.vxmventaspormayor.cl\/vxm\/wp-json\/wp\/v2\/product"}],"about":[{"href":"https:\/\/www.vxmventaspormayor.cl\/vxm\/wp-json\/wp\/v2\/types\/product"}],"replies":[{"embeddable":true,"href":"https:\/\/www.vxmventaspormayor.cl\/vxm\/wp-json\/wp\/v2\/comments?post=7209"}],"wp:featuredmedia":[{"embeddable":true,"href":"https:\/\/www.vxmventaspormayor.cl\/vxm\/wp-json\/wp\/v2\/media\/7210"}],"wp:attachment":[{"href":"https:\/\/www.vxmventaspormayor.cl\/vxm\/wp-json\/wp\/v2\/media?parent=7209"}],"wp:term":[{"taxonomy":"product_brand","embeddable":true,"href":"https:\/\/www.vxmventaspormayor.cl\/vxm\/wp-json\/wp\/v2\/product_brand?post=7209"},{"taxonomy":"product_cat","embeddable":true,"href":"https:\/\/www.vxmventaspormayor.cl\/vxm\/wp-json\/wp\/v2\/product_cat?post=7209"},{"taxonomy":"product_tag","embeddable":true,"href":"https:\/\/www.vxmventaspormayor.cl\/vxm\/wp-json\/wp\/v2\/product_tag?post=7209"}],"curies":[{"name":"wp","href":"https:\/\/api.w.org\/{rel}","templated":true}]}}

<h1>Porta documento pvc</h1>
<p>Llevar un porta documentos con logo de PVC tiene varios beneficantajes, tales como:</p>
<ol>
<li>Profesionalismo: Llevar tus documentos importantes en un porta documentos personalizado con tu logo aumenta tu imagen profesional y muestra tu dedicación a los detalles.</li>
<li>Organización: Mantener tus documentos en un solo lugar te permite tenerlos a mano y acceder a ellos fácilmente, mejorando la organización y eficiencia.</li>
<li>Protección: El PVC es un material resistente que protege tus documentos de la humedad, la suciedad y otros daños, manteniéndolos en buen estado por más tiempo.</li>
<li>Publicidad: Al llevar tu logo en tu porta documentos, estás haciendo publicidad de tu marca y difundiéndola a todas partes donde lleves tus documentos.</li>
<li>Personalización: La opción de personalizar tu porta documentos con tu logo y colores te permite diferenciarte de los demás y demostrar tu estilo personal.</li>
</ol>

<h1>Porta documento pvc flexible</h1>
<p>1 Compartimento</p>
<p>Venta minima 30 unidades</p>
<p>&nbsp;</p>
<p>Este porta documentos de PVC es de tamaño aproximado de 22&#215;15. 22&#215;13. 22&#215;12 cm  aproximados y cuenta con un broche de ajuste para guardar y mantener seguros tus documentos. Este broche puede ir alternado en las partidas Además, puede ser personalizado con tu logo para un toque de profesionalismo y personalidad.</p>
<p>Se encuentra disponible en variedad de colores</p>
<p>&nbsp;</p>
<p><strong>Este porta documentos de PVC está disponible para mayoristas, escríbanos al WhatsApp para obtener una cotización personalizada. Además, ofrecemos la opción de personalizar el producto con su logo para una identificación más fuerte de su marca. Hablemos sobre cómo podemos ayudarlo con sus necesidades de compra por mayor y cotizar logo</strong></p>
<p>&nbsp;</p>
