{"id":6992,"date":"2022-09-23T22:47:52","date_gmt":"2022-09-23T22:47:52","guid":{"rendered":"https:\/\/vxmventaspormayor.cl\/vxm\/?post_type=product&#038;p=6992"},"modified":"2022-09-23T22:51:56","modified_gmt":"2022-09-23T22:51:56","slug":"libreta-con-imanlibreta-imantada","status":"publish","type":"product","link":"https:\/\/www.vxmventaspormayor.cl\/vxm\/producto\/libreta-con-imanlibreta-imantada\/","title":{"rendered":"Libreta con iman,libreta imantada"},"content":{"rendered":"<h2>Libreta con iman,cierre imantado<\/h2>\n","protected":false},"excerpt":{"rendered":"<h2>Libreta con iman,cierre imantado<\/h2>\n<h2>Venta minima 20 unidades<\/h2>\n<p>Cuaderno tama\u00f1o A5, cubierta de Termo-PU gris, con cierre traslape magn\u00e9tico y banda met\u00e1lica plateada. Interior 80 hojas lineadas amarillas de 80gsm. Presentaci\u00f3n individual en bolsa de polipropileno.<\/p>\n<p>14.5 x 21.5 x 1.5 cm.<\/p>\n<h2>Mayoristas de Cuadernos con iman,cuadernos imantados por mayor,cuadernos con iman personalizados,escribenos.<\/h2>\n<p>&nbsp;<\/p>\n","protected":false},"featured_media":6993,"comment_status":"closed","ping_status":"closed","template":"","meta":[],"product_brand":[],"product_cat":[88],"product_tag":[],"class_list":{"0":"post-6992","1":"product","2":"type-product","3":"status-publish","4":"has-post-thumbnail","6":"product_cat-libretas-y-cuadernos-personalizados-al-por-mayor","7":"thunk-woo-product-list","8":"opn-qv-enable","9":"top-store-woo-hover-zoom","10":"top-store-single-product-tab-horizontal","11":"top-store-shadow-","12":"top-store-shadow-hover-","14":"first","15":"instock","16":"taxable","17":"shipping-taxable","18":"purchasable","19":"product-type-simple"},"_links":{"self":[{"href":"https:\/\/www.vxmventaspormayor.cl\/vxm\/wp-json\/wp\/v2\/product\/6992","targetHints":{"allow":["GET"]}}],"collection":[{"href":"https:\/\/www.vxmventaspormayor.cl\/vxm\/wp-json\/wp\/v2\/product"}],"about":[{"href":"https:\/\/www.vxmventaspormayor.cl\/vxm\/wp-json\/wp\/v2\/types\/product"}],"replies":[{"embeddable":true,"href":"https:\/\/www.vxmventaspormayor.cl\/vxm\/wp-json\/wp\/v2\/comments?post=6992"}],"wp:featuredmedia":[{"embeddable":true,"href":"https:\/\/www.vxmventaspormayor.cl\/vxm\/wp-json\/wp\/v2\/media\/6993"}],"wp:attachment":[{"href":"https:\/\/www.vxmventaspormayor.cl\/vxm\/wp-json\/wp\/v2\/media?parent=6992"}],"wp:term":[{"taxonomy":"product_brand","embeddable":true,"href":"https:\/\/www.vxmventaspormayor.cl\/vxm\/wp-json\/wp\/v2\/product_brand?post=6992"},{"taxonomy":"product_cat","embeddable":true,"href":"https:\/\/www.vxmventaspormayor.cl\/vxm\/wp-json\/wp\/v2\/product_cat?post=6992"},{"taxonomy":"product_tag","embeddable":true,"href":"https:\/\/www.vxmventaspormayor.cl\/vxm\/wp-json\/wp\/v2\/product_tag?post=6992"}],"curies":[{"name":"wp","href":"https:\/\/api.w.org\/{rel}","templated":true}]}}

<h2>Libreta con iman,cierre imantado</h2>
<h2>Venta minima 20 unidades</h2>
<p>Cuaderno tamaño A5, cubierta de Termo-PU gris, con cierre traslape magnético y banda metálica plateada. Interior 80 hojas lineadas amarillas de 80gsm. Presentación individual en bolsa de polipropileno.</p>
<p>14.5 x 21.5 x 1.5 cm.</p>
<h2>Mayoristas de Cuadernos con iman,cuadernos imantados por mayor,cuadernos con iman personalizados,escribenos.</h2>
<p>&nbsp;</p>
