{"id":6980,"date":"2022-09-21T01:49:38","date_gmt":"2022-09-21T01:49:38","guid":{"rendered":"https:\/\/vxmventaspormayor.cl\/vxm\/?post_type=product&#038;p=6980"},"modified":"2022-09-21T01:49:39","modified_gmt":"2022-09-21T01:49:39","slug":"set-ecologico-con-boligrafo","status":"publish","type":"product","link":"https:\/\/www.vxmventaspormayor.cl\/vxm\/producto\/set-ecologico-con-boligrafo\/","title":{"rendered":"Set ecol\u00f3gico con bol\u00edgrafo"},"content":{"rendered":"<h2>Set ecol\u00f3gico con bol\u00edgrafo<\/h2>\n","protected":false},"excerpt":{"rendered":"<h2>Set ecol\u00f3gico con bol\u00edgrafo<\/h2>\n<h2>Venta minima 20 unidades<\/h2>\n<p>Memo set Ecol\u00f3gico. Incluye 1 bol\u00edgrafo ecol\u00f3gico corto + 125 banderitas adhesivas de colores + Block de Notas con 80 hojas blancas pre-picadas.<\/p>\n<p>7.8 x 10.5 x 1.1 cm.<\/p>\n<h2>Mayoristas para cotizar regalos ecologicos corporativos,regalos ecologicos por mayor personalizados,regalos ecologicos para hombre y mujer escribenos.<\/h2>\n<p>&nbsp;<\/p>\n","protected":false},"featured_media":6981,"comment_status":"closed","ping_status":"closed","template":"","meta":[],"product_brand":[],"product_cat":[88],"product_tag":[],"class_list":{"0":"post-6980","1":"product","2":"type-product","3":"status-publish","4":"has-post-thumbnail","6":"product_cat-libretas-y-cuadernos-personalizados-al-por-mayor","7":"thunk-woo-product-list","8":"opn-qv-enable","9":"top-store-woo-hover-zoom","10":"top-store-single-product-tab-horizontal","11":"top-store-shadow-","12":"top-store-shadow-hover-","14":"first","15":"instock","16":"taxable","17":"shipping-taxable","18":"purchasable","19":"product-type-simple"},"_links":{"self":[{"href":"https:\/\/www.vxmventaspormayor.cl\/vxm\/wp-json\/wp\/v2\/product\/6980","targetHints":{"allow":["GET"]}}],"collection":[{"href":"https:\/\/www.vxmventaspormayor.cl\/vxm\/wp-json\/wp\/v2\/product"}],"about":[{"href":"https:\/\/www.vxmventaspormayor.cl\/vxm\/wp-json\/wp\/v2\/types\/product"}],"replies":[{"embeddable":true,"href":"https:\/\/www.vxmventaspormayor.cl\/vxm\/wp-json\/wp\/v2\/comments?post=6980"}],"wp:featuredmedia":[{"embeddable":true,"href":"https:\/\/www.vxmventaspormayor.cl\/vxm\/wp-json\/wp\/v2\/media\/6981"}],"wp:attachment":[{"href":"https:\/\/www.vxmventaspormayor.cl\/vxm\/wp-json\/wp\/v2\/media?parent=6980"}],"wp:term":[{"taxonomy":"product_brand","embeddable":true,"href":"https:\/\/www.vxmventaspormayor.cl\/vxm\/wp-json\/wp\/v2\/product_brand?post=6980"},{"taxonomy":"product_cat","embeddable":true,"href":"https:\/\/www.vxmventaspormayor.cl\/vxm\/wp-json\/wp\/v2\/product_cat?post=6980"},{"taxonomy":"product_tag","embeddable":true,"href":"https:\/\/www.vxmventaspormayor.cl\/vxm\/wp-json\/wp\/v2\/product_tag?post=6980"}],"curies":[{"name":"wp","href":"https:\/\/api.w.org\/{rel}","templated":true}]}}