{"id":6906,"date":"2022-09-19T02:10:52","date_gmt":"2022-09-19T02:10:52","guid":{"rendered":"https:\/\/vxmventaspormayor.cl\/vxm\/?post_type=product&#038;p=6906"},"modified":"2022-09-19T02:27:30","modified_gmt":"2022-09-19T02:27:30","slug":"cuaderno-ecologico-tapa-dura","status":"publish","type":"product","link":"https:\/\/www.vxmventaspormayor.cl\/vxm\/producto\/cuaderno-ecologico-tapa-dura\/","title":{"rendered":"Cuaderno Ecol\u00f3gico Tapa Dura"},"content":{"rendered":"<h2>Cuaderno Ecol\u00f3gico Tapa Dura<\/h2>\n","protected":false},"excerpt":{"rendered":"<h2>Cuaderno Ecol\u00f3gico Tapa Dura<\/h2>\n<p>Venta minima 20 unidades<\/p>\n<p>Cuaderno Ecol\u00f3gico con Tapas Duras de Cart\u00f3n Reciclado 650gsm, 70 hojas interiores lineadas y anillado metalico doble cero. Incluye Bol\u00edgrafo Ecol\u00f3gico y logo \u00abReciclable\u00bb troquelado en la tapa.<\/p>\n<p>Medidas aprox 13 x 18 x 1.2 cm. aprox.<\/p>\n<h2>Mayoristas para cotizar valores de cuadernos corporativos,cuadernos ecologicos por mayor personalizados escribenos.<\/h2>\n","protected":false},"featured_media":6907,"comment_status":"closed","ping_status":"closed","template":"","meta":[],"product_brand":[],"product_cat":[88],"product_tag":[],"class_list":{"0":"post-6906","1":"product","2":"type-product","3":"status-publish","4":"has-post-thumbnail","6":"product_cat-libretas-y-cuadernos-personalizados-al-por-mayor","7":"thunk-woo-product-list","8":"opn-qv-enable","9":"top-store-woo-hover-zoom","10":"top-store-single-product-tab-horizontal","11":"top-store-shadow-","12":"top-store-shadow-hover-","14":"first","15":"instock","16":"sale","17":"taxable","18":"shipping-taxable","19":"purchasable","20":"product-type-simple"},"_links":{"self":[{"href":"https:\/\/www.vxmventaspormayor.cl\/vxm\/wp-json\/wp\/v2\/product\/6906","targetHints":{"allow":["GET"]}}],"collection":[{"href":"https:\/\/www.vxmventaspormayor.cl\/vxm\/wp-json\/wp\/v2\/product"}],"about":[{"href":"https:\/\/www.vxmventaspormayor.cl\/vxm\/wp-json\/wp\/v2\/types\/product"}],"replies":[{"embeddable":true,"href":"https:\/\/www.vxmventaspormayor.cl\/vxm\/wp-json\/wp\/v2\/comments?post=6906"}],"wp:featuredmedia":[{"embeddable":true,"href":"https:\/\/www.vxmventaspormayor.cl\/vxm\/wp-json\/wp\/v2\/media\/6907"}],"wp:attachment":[{"href":"https:\/\/www.vxmventaspormayor.cl\/vxm\/wp-json\/wp\/v2\/media?parent=6906"}],"wp:term":[{"taxonomy":"product_brand","embeddable":true,"href":"https:\/\/www.vxmventaspormayor.cl\/vxm\/wp-json\/wp\/v2\/product_brand?post=6906"},{"taxonomy":"product_cat","embeddable":true,"href":"https:\/\/www.vxmventaspormayor.cl\/vxm\/wp-json\/wp\/v2\/product_cat?post=6906"},{"taxonomy":"product_tag","embeddable":true,"href":"https:\/\/www.vxmventaspormayor.cl\/vxm\/wp-json\/wp\/v2\/product_tag?post=6906"}],"curies":[{"name":"wp","href":"https:\/\/api.w.org\/{rel}","templated":true}]}}

Cuaderno Ecológico Tapa Dura

<h2>Cuaderno Ecológico Tapa Dura</h2>

<h2>Cuaderno Ecológico Tapa Dura</h2>
<p>Venta minima 20 unidades</p>
<p>Cuaderno Ecológico con Tapas Duras de Cartón Reciclado 650gsm, 70 hojas interiores lineadas y anillado metalico doble cero. Incluye Bolígrafo Ecológico y logo «Reciclable» troquelado en la tapa.</p>
<p>Medidas aprox 13 x 18 x 1.2 cm. aprox.</p>
<h2>Mayoristas para cotizar valores de cuadernos corporativos,cuadernos ecologicos por mayor personalizados escribenos.</h2>
