{"id":6849,"date":"2022-09-12T20:57:06","date_gmt":"2022-09-12T20:57:06","guid":{"rendered":"https:\/\/vxmventaspormayor.cl\/vxm\/?post_type=product&#038;p=6849"},"modified":"2022-09-12T20:57:45","modified_gmt":"2022-09-12T20:57:45","slug":"toalla-facial-de-microfibra","status":"publish","type":"product","link":"https:\/\/www.vxmventaspormayor.cl\/vxm\/producto\/toalla-facial-de-microfibra\/","title":{"rendered":"Toalla Facial de Microfibra"},"content":{"rendered":"<h2>Toalla Facial de Microfibra<\/h2>\n","protected":false},"excerpt":{"rendered":"<h2>Toalla Facial de Microfibra<\/h2>\n<h3>Venta minima 10 unidades<\/h3>\n<p>Toalla Facial de Microfibra. Presentaci\u00f3n dentro de bolsito de poli\u00e9ster con malla. F\u00e1cil de transportar y liviana, ideal para hacer deportes y para el Gimnasio,se puede personalizar al por mayor.<\/p>\n<p>&nbsp;<\/p>\n<h2>Mayoristas<\/h2>\n<p>Para cotizar toallas facial de microfibra por mayor,toalla de microfibra personalizadas escribenos al whatsapp o correeo.<\/p>\n<p>Toalla 33 x 30 cm aprox \/ Bolsito \u00d8 7 X 11 cm aprox.<\/p>\n<p>&nbsp;<\/p>\n","protected":false},"featured_media":6850,"comment_status":"closed","ping_status":"closed","template":"","meta":[],"product_brand":[],"product_cat":[26,94],"product_tag":[],"class_list":{"0":"post-6849","1":"product","2":"type-product","3":"status-publish","4":"has-post-thumbnail","6":"product_cat-merchandising-y-regalos-corporativos","7":"product_cat-deportes","8":"thunk-woo-product-list","9":"opn-qv-enable","10":"top-store-woo-hover-zoom","11":"top-store-single-product-tab-horizontal","12":"top-store-shadow-","13":"top-store-shadow-hover-","15":"first","16":"instock","17":"sale","18":"taxable","19":"shipping-taxable","20":"purchasable","21":"product-type-simple"},"_links":{"self":[{"href":"https:\/\/www.vxmventaspormayor.cl\/vxm\/wp-json\/wp\/v2\/product\/6849","targetHints":{"allow":["GET"]}}],"collection":[{"href":"https:\/\/www.vxmventaspormayor.cl\/vxm\/wp-json\/wp\/v2\/product"}],"about":[{"href":"https:\/\/www.vxmventaspormayor.cl\/vxm\/wp-json\/wp\/v2\/types\/product"}],"replies":[{"embeddable":true,"href":"https:\/\/www.vxmventaspormayor.cl\/vxm\/wp-json\/wp\/v2\/comments?post=6849"}],"wp:featuredmedia":[{"embeddable":true,"href":"https:\/\/www.vxmventaspormayor.cl\/vxm\/wp-json\/wp\/v2\/media\/6850"}],"wp:attachment":[{"href":"https:\/\/www.vxmventaspormayor.cl\/vxm\/wp-json\/wp\/v2\/media?parent=6849"}],"wp:term":[{"taxonomy":"product_brand","embeddable":true,"href":"https:\/\/www.vxmventaspormayor.cl\/vxm\/wp-json\/wp\/v2\/product_brand?post=6849"},{"taxonomy":"product_cat","embeddable":true,"href":"https:\/\/www.vxmventaspormayor.cl\/vxm\/wp-json\/wp\/v2\/product_cat?post=6849"},{"taxonomy":"product_tag","embeddable":true,"href":"https:\/\/www.vxmventaspormayor.cl\/vxm\/wp-json\/wp\/v2\/product_tag?post=6849"}],"curies":[{"name":"wp","href":"https:\/\/api.w.org\/{rel}","templated":true}]}}

<h2>Toalla Facial de Microfibra</h2>
<h3>Venta minima 10 unidades</h3>
<p>Toalla Facial de Microfibra. Presentación dentro de bolsito de poliéster con malla. Fácil de transportar y liviana, ideal para hacer deportes y para el Gimnasio,se puede personalizar al por mayor.</p>
<p>&nbsp;</p>
<h2>Mayoristas</h2>
<p>Para cotizar toallas facial de microfibra por mayor,toalla de microfibra personalizadas escribenos al whatsapp o correeo.</p>
<p>Toalla 33 x 30 cm aprox / Bolsito Ø 7 X 11 cm aprox.</p>
<p>&nbsp;</p>
