{"id":6656,"date":"2022-08-04T01:54:36","date_gmt":"2022-08-04T01:54:36","guid":{"rendered":"https:\/\/vxmventaspormayor.cl\/vxm\/?post_type=product&#038;p=6656"},"modified":"2023-10-12T21:10:55","modified_gmt":"2023-10-12T21:10:55","slug":"panuelos-de-tela","status":"publish","type":"product","link":"https:\/\/www.vxmventaspormayor.cl\/vxm\/producto\/panuelos-de-tela\/","title":{"rendered":"Pa\u00f1uelos de tela"},"content":{"rendered":"<h2><span style=\"color: #800080;\">Pa\u00f1uelos de tela 15 colores para personalizar y elegir<\/span><\/h2>\n<p>&nbsp;<\/p>\n<h2><span style=\"color: #800080;\"><b>Mayoristas<\/b><\/span><\/h2>\n<p><span style=\"font-weight: 400;\">Para consultar valores mayoristas de pa\u00f1uelos personalizados,pa\u00f1uelos corporativos,pa\u00f1uelos de cueca ,pa\u00f1uelos\u00a0 por mayor\u00a0 escr\u00edbenos a nuestro whatsapp que est\u00e1 al inicio de la p\u00e1gina al correo o en el bot\u00f3n cotizar.<\/span><\/p>\n","protected":false},"excerpt":{"rendered":"<p><span style=\"color: #800080;\">Pa\u00f1uelos de tela<\/span><\/p>\n<p>Valor por unidad<\/p>\n<p>venta minima 30 unidades<\/p>\n<p><span style=\"color: #800080;\"> 10 colores Consultar stock de colores antes de comprar<\/span><\/p>\n<p>El valor es por unidad<\/p>\n<p>medidas disponibles 40&#215;40 45&#215;45<\/p>\n<p>terminaci\u00f3n orillado overlock<\/p>\n<p>tela 100 por ciento poliester ,se puede lavar y planchar<\/p>\n<h2><span style=\"color: #800080;\"><b>Mayoristas<\/b><\/span><\/h2>\n<p><span style=\"font-weight: 400;\">Para consultar valores mayoristas de pa\u00f1uelos personalizados,pa\u00f1uelos corporativos,pa\u00f1uelos de cueca ,pa\u00f1uelos\u00a0 por mayor\u00a0 escr\u00edbenos a nuestro whatsapp que est\u00e1 al inicio de la p\u00e1gina al correo o en el bot\u00f3n cotizar.<\/span><\/p>\n","protected":false},"featured_media":4537,"comment_status":"closed","ping_status":"closed","template":"","meta":[],"product_brand":[],"product_cat":[26,99,36,85,89,42,40],"product_tag":[],"class_list":{"0":"post-6656","1":"product","2":"type-product","3":"status-publish","4":"has-post-thumbnail","6":"product_cat-merchandising-y-regalos-corporativos","7":"product_cat-bandanas-y-panuelos","8":"product_cat-gorros-de-polar","9":"product_cat-gorros-y-bandanas","10":"product_cat-regalos-18-de-septiembre","11":"product_cat-regalos-chilenos","12":"product_cat-regalos-corporativos-para-invierno","13":"thunk-woo-product-list","14":"opn-qv-enable","15":"top-store-woo-hover-zoom","16":"top-store-single-product-tab-horizontal","17":"top-store-shadow-","18":"top-store-shadow-hover-","20":"first","21":"instock","22":"taxable","23":"shipping-taxable","24":"purchasable","25":"product-type-simple"},"_links":{"self":[{"href":"https:\/\/www.vxmventaspormayor.cl\/vxm\/wp-json\/wp\/v2\/product\/6656","targetHints":{"allow":["GET"]}}],"collection":[{"href":"https:\/\/www.vxmventaspormayor.cl\/vxm\/wp-json\/wp\/v2\/product"}],"about":[{"href":"https:\/\/www.vxmventaspormayor.cl\/vxm\/wp-json\/wp\/v2\/types\/product"}],"replies":[{"embeddable":true,"href":"https:\/\/www.vxmventaspormayor.cl\/vxm\/wp-json\/wp\/v2\/comments?post=6656"}],"wp:featuredmedia":[{"embeddable":true,"href":"https:\/\/www.vxmventaspormayor.cl\/vxm\/wp-json\/wp\/v2\/media\/4537"}],"wp:attachment":[{"href":"https:\/\/www.vxmventaspormayor.cl\/vxm\/wp-json\/wp\/v2\/media?parent=6656"}],"wp:term":[{"taxonomy":"product_brand","embeddable":true,"href":"https:\/\/www.vxmventaspormayor.cl\/vxm\/wp-json\/wp\/v2\/product_brand?post=6656"},{"taxonomy":"product_cat","embeddable":true,"href":"https:\/\/www.vxmventaspormayor.cl\/vxm\/wp-json\/wp\/v2\/product_cat?post=6656"},{"taxonomy":"product_tag","embeddable":true,"href":"https:\/\/www.vxmventaspormayor.cl\/vxm\/wp-json\/wp\/v2\/product_tag?post=6656"}],"curies":[{"name":"wp","href":"https:\/\/api.w.org\/{rel}","templated":true}]}}

Pañuelos de tela

<h2><span style="color: #800080;">Pañuelos de tela 15 colores para personalizar y elegir</span></h2>
<p>&nbsp;</p>
<h2><span style="color: #800080;"><b>Mayoristas</b></span></h2>
<p><span style="font-weight: 400;">Para consultar valores mayoristas de pañuelos personalizados,pañuelos corporativos,pañuelos de cueca ,pañuelos  por mayor  escríbenos a nuestro whatsapp que está al inicio de la página al correo o en el botón cotizar.</span></p>

<p><span style="color: #800080;">Pañuelos de tela</span></p>
<p>Valor por unidad</p>
<p>venta minima 30 unidades</p>
<p><span style="color: #800080;"> 10 colores Consultar stock de colores antes de comprar</span></p>
<p>El valor es por unidad</p>
<p>medidas disponibles 40&#215;40 45&#215;45</p>
<p>terminación orillado overlock</p>
<p>tela 100 por ciento poliester ,se puede lavar y planchar</p>
<h2><span style="color: #800080;"><b>Mayoristas</b></span></h2>
<p><span style="font-weight: 400;">Para consultar valores mayoristas de pañuelos personalizados,pañuelos corporativos,pañuelos de cueca ,pañuelos  por mayor  escríbenos a nuestro whatsapp que está al inicio de la página al correo o en el botón cotizar.</span></p>
