{"id":6639,"date":"2022-08-03T23:48:13","date_gmt":"2022-08-03T23:48:13","guid":{"rendered":"https:\/\/vxmventaspormayor.cl\/vxm\/?post_type=product&#038;p=6639"},"modified":"2022-08-03T23:50:21","modified_gmt":"2022-08-03T23:50:21","slug":"gorro-plegable","status":"publish","type":"product","link":"https:\/\/www.vxmventaspormayor.cl\/vxm\/producto\/gorro-plegable\/","title":{"rendered":"Gorro Plegable"},"content":{"rendered":"<h3>Gorro publicitario Plegable<\/h3>\n<p>&nbsp;<\/p>\n<h2><b>Mayoristas<\/b><\/h2>\n<p><span style=\"font-weight: 400;\">Para consultar valores mayoristas de gorros plegable por mayor ,comprar gorros plegable corporativos, gorros plegable personalizados para empresas por mayor ,gorros plegable con logo,y cotizar bordados escr\u00edbenos a nuestro whatsapp que est\u00e1 al inicio de la p\u00e1gina al correo o en el bot\u00f3n cotizar.<\/span><\/p>\n","protected":false},"excerpt":{"rendered":"<h3>Gorro publicitario Plegable<\/h3>\n<h3>Venta minima 100 unidades<\/h3>\n<p>&nbsp;<\/p>\n<p>Gorro promocional plegable de poli\u00e9ster, con banda reflectante en el frente. Se guarda plegado en bolsita ovalada de poli\u00e9ster. Simple, econ\u00f3mico y f\u00e1cil de imprimir o sublimar, ideal para promociones de verano.<\/p>\n<p>&nbsp;<\/p>\n<h2><b>Mayoristas<\/b><\/h2>\n<p><span style=\"font-weight: 400;\">Para consultar valores mayoristas de gorros plegable por mayor ,comprar gorros plegable corporativos, gorros plegable personalizados para empresas por mayor ,gorros plegable con logo,y cotizar bordados escr\u00edbenos a nuestro whatsapp que est\u00e1 al inicio de la p\u00e1gina al correo o en el bot\u00f3n cotizar.<\/span><\/p>\n","protected":false},"featured_media":6640,"comment_status":"closed","ping_status":"closed","template":"","meta":[],"product_brand":[],"product_cat":[85],"product_tag":[],"class_list":{"0":"post-6639","1":"product","2":"type-product","3":"status-publish","4":"has-post-thumbnail","6":"product_cat-gorros-y-bandanas","7":"thunk-woo-product-list","8":"opn-qv-enable","9":"top-store-woo-hover-zoom","10":"top-store-single-product-tab-horizontal","11":"top-store-shadow-","12":"top-store-shadow-hover-","14":"first","15":"instock","16":"taxable","17":"shipping-taxable","18":"purchasable","19":"product-type-simple"},"_links":{"self":[{"href":"https:\/\/www.vxmventaspormayor.cl\/vxm\/wp-json\/wp\/v2\/product\/6639","targetHints":{"allow":["GET"]}}],"collection":[{"href":"https:\/\/www.vxmventaspormayor.cl\/vxm\/wp-json\/wp\/v2\/product"}],"about":[{"href":"https:\/\/www.vxmventaspormayor.cl\/vxm\/wp-json\/wp\/v2\/types\/product"}],"replies":[{"embeddable":true,"href":"https:\/\/www.vxmventaspormayor.cl\/vxm\/wp-json\/wp\/v2\/comments?post=6639"}],"wp:featuredmedia":[{"embeddable":true,"href":"https:\/\/www.vxmventaspormayor.cl\/vxm\/wp-json\/wp\/v2\/media\/6640"}],"wp:attachment":[{"href":"https:\/\/www.vxmventaspormayor.cl\/vxm\/wp-json\/wp\/v2\/media?parent=6639"}],"wp:term":[{"taxonomy":"product_brand","embeddable":true,"href":"https:\/\/www.vxmventaspormayor.cl\/vxm\/wp-json\/wp\/v2\/product_brand?post=6639"},{"taxonomy":"product_cat","embeddable":true,"href":"https:\/\/www.vxmventaspormayor.cl\/vxm\/wp-json\/wp\/v2\/product_cat?post=6639"},{"taxonomy":"product_tag","embeddable":true,"href":"https:\/\/www.vxmventaspormayor.cl\/vxm\/wp-json\/wp\/v2\/product_tag?post=6639"}],"curies":[{"name":"wp","href":"https:\/\/api.w.org\/{rel}","templated":true}]}}

<h3>Gorro publicitario Plegable</h3>
<p>&nbsp;</p>
<h2><b>Mayoristas</b></h2>
<p><span style="font-weight: 400;">Para consultar valores mayoristas de gorros plegable por mayor ,comprar gorros plegable corporativos, gorros plegable personalizados para empresas por mayor ,gorros plegable con logo,y cotizar bordados escríbenos a nuestro whatsapp que está al inicio de la página al correo o en el botón cotizar.</span></p>

<h3>Gorro publicitario Plegable</h3>
<h3>Venta minima 100 unidades</h3>
<p>&nbsp;</p>
<p>Gorro promocional plegable de poliéster, con banda reflectante en el frente. Se guarda plegado en bolsita ovalada de poliéster. Simple, económico y fácil de imprimir o sublimar, ideal para promociones de verano.</p>
<p>&nbsp;</p>
<h2><b>Mayoristas</b></h2>
<p><span style="font-weight: 400;">Para consultar valores mayoristas de gorros plegable por mayor ,comprar gorros plegable corporativos, gorros plegable personalizados para empresas por mayor ,gorros plegable con logo,y cotizar bordados escríbenos a nuestro whatsapp que está al inicio de la página al correo o en el botón cotizar.</span></p>
