{"id":6581,"date":"2022-07-31T20:43:37","date_gmt":"2022-07-31T20:43:37","guid":{"rendered":"https:\/\/vxmventaspormayor.cl\/vxm\/?post_type=product&#038;p=6581"},"modified":"2024-02-03T15:11:35","modified_gmt":"2024-02-03T15:11:35","slug":"polera-manga-corta-hombre-y-mujer-algodon","status":"publish","type":"product","link":"https:\/\/www.vxmventaspormayor.cl\/vxm\/producto\/polera-manga-corta-hombre-y-mujer-algodon\/","title":{"rendered":"Polera algod\u00f3n"},"content":{"rendered":"<h2>Polera Algod\u00f3n composici\u00f3n<\/h2>\n<p><strong>Polera 100% ALGOD\u00d3N para Hombre y mujer\u00a0<\/strong><\/p>\n<p><strong> Cuello redondo, manga corta.<\/strong><\/p>\n<p>Se puede bordar desde 10 unidades con costo extra de bordado .<\/p>\n<p>&nbsp;<\/p>\n<h2><b>Mayoristas<\/b><\/h2>\n<p><span style=\"font-weight: 400;\">Para consultar valores mayoristas de poleras de algod\u00f3n por mayor,poleras de algod\u00f3n mujer y hombre personalizadas para empresas ,comprar poleras publicitarias y cotizar bordados escr\u00edbenos a nuestro whatsapp que est\u00e1 al inicio de la p\u00e1gina al correo o en el bot\u00f3n cotizar.<\/span><\/p>\n<p><strong>\u00a0<\/strong><\/p>\n","protected":false},"excerpt":{"rendered":"<h2>Polera Algod\u00f3n<\/h2>\n<p><strong>Polera 100% ALGOD\u00d3N Su cuello redondo de 4 capas, Cubre costuras reforzadas en el cuello, hombros y laterales, le brindan una gran resistencia y durabilidad en el tiempo.<\/strong><\/p>\n<p><strong> Cuello redondo, manga corta.<\/strong><\/p>\n<p>Venta minima 10 unidades<\/p>\n<p>Tallas de XS-S-M-L-XL<\/p>\n<p>&nbsp;<\/p>\n<h2><b>Mayoristas<\/b><\/h2>\n<p><span style=\"font-weight: 400;\">Para consultar valores mayoristas de poleras de algod\u00f3n por mayor,poleras de algod\u00f3n mujer y hombre personalizadas para empresas ,comprar poleras publicitarias y cotizar bordados escr\u00edbenos a nuestro whatsapp que est\u00e1 al inicio de la p\u00e1gina al correo o en el bot\u00f3n cotizar.<\/span><\/p>\n<p>&nbsp;<\/p>\n<p>&nbsp;<\/p>\n","protected":false},"featured_media":6585,"comment_status":"closed","ping_status":"closed","template":"","meta":[],"product_brand":[],"product_cat":[87],"product_tag":[],"class_list":{"0":"post-6581","1":"product","2":"type-product","3":"status-publish","4":"has-post-thumbnail","6":"product_cat-poleras-por-mayor","7":"thunk-woo-product-list","8":"opn-qv-enable","9":"top-store-woo-hover-zoom","10":"top-store-single-product-tab-horizontal","11":"top-store-shadow-","12":"top-store-shadow-hover-","14":"first","15":"instock","16":"taxable","17":"shipping-taxable","18":"purchasable","19":"product-type-simple"},"_links":{"self":[{"href":"https:\/\/www.vxmventaspormayor.cl\/vxm\/wp-json\/wp\/v2\/product\/6581","targetHints":{"allow":["GET"]}}],"collection":[{"href":"https:\/\/www.vxmventaspormayor.cl\/vxm\/wp-json\/wp\/v2\/product"}],"about":[{"href":"https:\/\/www.vxmventaspormayor.cl\/vxm\/wp-json\/wp\/v2\/types\/product"}],"replies":[{"embeddable":true,"href":"https:\/\/www.vxmventaspormayor.cl\/vxm\/wp-json\/wp\/v2\/comments?post=6581"}],"wp:featuredmedia":[{"embeddable":true,"href":"https:\/\/www.vxmventaspormayor.cl\/vxm\/wp-json\/wp\/v2\/media\/6585"}],"wp:attachment":[{"href":"https:\/\/www.vxmventaspormayor.cl\/vxm\/wp-json\/wp\/v2\/media?parent=6581"}],"wp:term":[{"taxonomy":"product_brand","embeddable":true,"href":"https:\/\/www.vxmventaspormayor.cl\/vxm\/wp-json\/wp\/v2\/product_brand?post=6581"},{"taxonomy":"product_cat","embeddable":true,"href":"https:\/\/www.vxmventaspormayor.cl\/vxm\/wp-json\/wp\/v2\/product_cat?post=6581"},{"taxonomy":"product_tag","embeddable":true,"href":"https:\/\/www.vxmventaspormayor.cl\/vxm\/wp-json\/wp\/v2\/product_tag?post=6581"}],"curies":[{"name":"wp","href":"https:\/\/api.w.org\/{rel}","templated":true}]}}

Polera algodón

<h2>Polera Algodón composición</h2>
<p><strong>Polera 100% ALGODÓN para Hombre y mujer </strong></p>
<p><strong> Cuello redondo, manga corta.</strong></p>
<p>Se puede bordar desde 10 unidades con costo extra de bordado .</p>
<p>&nbsp;</p>
<h2><b>Mayoristas</b></h2>
<p><span style="font-weight: 400;">Para consultar valores mayoristas de poleras de algodón por mayor,poleras de algodón mujer y hombre personalizadas para empresas ,comprar poleras publicitarias y cotizar bordados escríbenos a nuestro whatsapp que está al inicio de la página al correo o en el botón cotizar.</span></p>
<p><strong> </strong></p>

<h2>Polera Algodón</h2>
<p><strong>Polera 100% ALGODÓN Su cuello redondo de 4 capas, Cubre costuras reforzadas en el cuello, hombros y laterales, le brindan una gran resistencia y durabilidad en el tiempo.</strong></p>
<p><strong> Cuello redondo, manga corta.</strong></p>
<p>Venta minima 10 unidades</p>
<p>Tallas de XS-S-M-L-XL</p>
<p>&nbsp;</p>
<h2><b>Mayoristas</b></h2>
<p><span style="font-weight: 400;">Para consultar valores mayoristas de poleras de algodón por mayor,poleras de algodón mujer y hombre personalizadas para empresas ,comprar poleras publicitarias y cotizar bordados escríbenos a nuestro whatsapp que está al inicio de la página al correo o en el botón cotizar.</span></p>
<p>&nbsp;</p>
<p>&nbsp;</p>
