{"id":6560,"date":"2022-07-28T01:29:19","date_gmt":"2022-07-28T01:29:19","guid":{"rendered":"https:\/\/vxmventaspormayor.cl\/vxm\/?post_type=product&#038;p=6560"},"modified":"2022-07-28T01:32:27","modified_gmt":"2022-07-28T01:32:27","slug":"6560","status":"publish","type":"product","link":"https:\/\/www.vxmventaspormayor.cl\/vxm\/producto\/6560\/","title":{"rendered":"Manta polar con correas,manta polar viajes"},"content":{"rendered":"<h2>Manta polar con correas para trasladar a todo lugar<\/h2>\n<h2><b>Mayoristas<\/b><\/h2>\n<p><span style=\"font-weight: 400;\">Consultar por whatsapp por otros tramos de valores ,stock de colores antes a nuestro whatsapp +56996569117\u00a0 o correo contacto@vxmventaspormayor.cl<\/span><\/p>\n<p><span style=\"font-weight: 400;\">Para consultar valores mayoristas de manta polar con correas,venta de frazadas con correas personalizadas para empresas,frazadas y mantas con correas por mayor para viajes ,comprar frazadas con correas para traslado y cotizar bordados escr\u00edbenos a nuestro whatsapp que est\u00e1 al inicio de la p\u00e1gina al correo o en el bot\u00f3n cotizar.<\/span><\/p>\n<p>&nbsp;<\/p>\n","protected":false},"excerpt":{"rendered":"<h2>Manta polar con correas para trasladar a todo lugar<\/h2>\n<p>medida 100&#215;1.45<\/p>\n<p>venta minima 1 unidad,se recomienda consultar stock de colores al detalle.<\/p>\n<p>10 colores hermosos para elegir<\/p>\n<h2><b>Mayoristas<\/b><\/h2>\n<p><span style=\"font-weight: 400;\">Consultar por whatsapp por otros tramos de valores ,stock de colores antes a nuestro whatsapp +56996569117\u00a0 o correo contacto@vxmventaspormayor.cl<\/span><\/p>\n<p><span style=\"font-weight: 400;\">Para consultar valores mayoristas de manta polar con correas,venta de frazadas con correas personalizadas para empresas,frazadas y mantas con correas por mayor para viajes ,comprar frazadas con correas para traslado y cotizar bordados escr\u00edbenos a nuestro whatsapp que est\u00e1 al inicio de la p\u00e1gina al correo o en el bot\u00f3n cotizar.<\/span><\/p>\n","protected":false},"featured_media":6561,"comment_status":"closed","ping_status":"closed","template":"","meta":[],"product_brand":[],"product_cat":[55,32,54],"product_tag":[],"class_list":{"0":"post-6560","1":"product","2":"type-product","3":"status-publish","4":"has-post-thumbnail","6":"product_cat-frazadas-de-viaje","7":"product_cat-frazadas-de-polar","8":"product_cat-frazadas-por-mayor-hogar","9":"thunk-woo-product-list","10":"opn-qv-enable","11":"top-store-woo-hover-zoom","12":"top-store-single-product-tab-horizontal","13":"top-store-shadow-","14":"top-store-shadow-hover-","16":"first","17":"instock","18":"taxable","19":"shipping-taxable","20":"purchasable","21":"product-type-simple"},"_links":{"self":[{"href":"https:\/\/www.vxmventaspormayor.cl\/vxm\/wp-json\/wp\/v2\/product\/6560","targetHints":{"allow":["GET"]}}],"collection":[{"href":"https:\/\/www.vxmventaspormayor.cl\/vxm\/wp-json\/wp\/v2\/product"}],"about":[{"href":"https:\/\/www.vxmventaspormayor.cl\/vxm\/wp-json\/wp\/v2\/types\/product"}],"replies":[{"embeddable":true,"href":"https:\/\/www.vxmventaspormayor.cl\/vxm\/wp-json\/wp\/v2\/comments?post=6560"}],"wp:featuredmedia":[{"embeddable":true,"href":"https:\/\/www.vxmventaspormayor.cl\/vxm\/wp-json\/wp\/v2\/media\/6561"}],"wp:attachment":[{"href":"https:\/\/www.vxmventaspormayor.cl\/vxm\/wp-json\/wp\/v2\/media?parent=6560"}],"wp:term":[{"taxonomy":"product_brand","embeddable":true,"href":"https:\/\/www.vxmventaspormayor.cl\/vxm\/wp-json\/wp\/v2\/product_brand?post=6560"},{"taxonomy":"product_cat","embeddable":true,"href":"https:\/\/www.vxmventaspormayor.cl\/vxm\/wp-json\/wp\/v2\/product_cat?post=6560"},{"taxonomy":"product_tag","embeddable":true,"href":"https:\/\/www.vxmventaspormayor.cl\/vxm\/wp-json\/wp\/v2\/product_tag?post=6560"}],"curies":[{"name":"wp","href":"https:\/\/api.w.org\/{rel}","templated":true}]}}

<h2>Manta polar con correas para trasladar a todo lugar</h2>
<h2><b>Mayoristas</b></h2>
<p><span style="font-weight: 400;">Consultar por whatsapp por otros tramos de valores ,stock de colores antes a nuestro whatsapp +56996569117  o correo contacto@vxmventaspormayor.cl</span></p>
<p><span style="font-weight: 400;">Para consultar valores mayoristas de manta polar con correas,venta de frazadas con correas personalizadas para empresas,frazadas y mantas con correas por mayor para viajes ,comprar frazadas con correas para traslado y cotizar bordados escríbenos a nuestro whatsapp que está al inicio de la página al correo o en el botón cotizar.</span></p>
<p>&nbsp;</p>

<h2>Manta polar con correas para trasladar a todo lugar</h2>
<p>medida 100&#215;1.45</p>
<p>venta minima 1 unidad,se recomienda consultar stock de colores al detalle.</p>
<p>10 colores hermosos para elegir</p>
<h2><b>Mayoristas</b></h2>
<p><span style="font-weight: 400;">Consultar por whatsapp por otros tramos de valores ,stock de colores antes a nuestro whatsapp +56996569117  o correo contacto@vxmventaspormayor.cl</span></p>
<p><span style="font-weight: 400;">Para consultar valores mayoristas de manta polar con correas,venta de frazadas con correas personalizadas para empresas,frazadas y mantas con correas por mayor para viajes ,comprar frazadas con correas para traslado y cotizar bordados escríbenos a nuestro whatsapp que está al inicio de la página al correo o en el botón cotizar.</span></p>
