{"id":6534,"date":"2022-07-26T01:26:54","date_gmt":"2022-07-26T01:26:54","guid":{"rendered":"https:\/\/vxmventaspormayor.cl\/vxm\/?post_type=product&#038;p=6534"},"modified":"2022-07-26T01:29:23","modified_gmt":"2022-07-26T01:29:23","slug":"tazon-con-cuchara-personalizados-tazon-con-cuchara-para-regalos-corporativos","status":"publish","type":"product","link":"https:\/\/www.vxmventaspormayor.cl\/vxm\/producto\/tazon-con-cuchara-personalizados-tazon-con-cuchara-para-regalos-corporativos\/","title":{"rendered":"Taz\u00f3n con cuchara ,personalizados, taz\u00f3n con cuchara para regalos corporativos"},"content":{"rendered":"<h2>Taz\u00f3n con Cuchara 320cc<\/h2>\n<p>Taz\u00f3n Cer\u00e1mico con Cuchara. Presentaci\u00f3n individual en caja de cart\u00f3n blanco.<\/p>\n<p>Se puede personalizar en serigrafia<\/p>\n<p>&nbsp;<\/p>\n<p><span style=\"font-weight: 400;\">Para cotizar taz\u00f3n con cuchara por mayor , taz\u00f3n con cuchara personalizados,\u00a0 taz\u00f3n con cuchara personalizados para empresas , taz\u00f3n con cuchara chile,\u00a0 taz\u00f3n con cuchara para hombre,\u00a0 taz\u00f3n con cuchara para mujer,\u00a0 taz\u00f3n con cuchara grandes ,escr\u00edbenos al correo o whatsapp o en bot\u00f3n solicitar cotizaci\u00f3n<\/span><\/p>\n","protected":false},"excerpt":{"rendered":"<h2>Taz\u00f3n con Cuchara 320cc<\/h2>\n","protected":false},"featured_media":6535,"comment_status":"closed","ping_status":"closed","template":"","meta":[],"product_brand":[],"product_cat":[72],"product_tag":[],"class_list":{"0":"post-6534","1":"product","2":"type-product","3":"status-publish","4":"has-post-thumbnail","6":"product_cat-mug-y-botellas","7":"thunk-woo-product-list","8":"opn-qv-enable","9":"top-store-woo-hover-zoom","10":"top-store-single-product-tab-horizontal","11":"top-store-shadow-","12":"top-store-shadow-hover-","14":"first","15":"instock","16":"taxable","17":"shipping-taxable","18":"product-type-simple"},"_links":{"self":[{"href":"https:\/\/www.vxmventaspormayor.cl\/vxm\/wp-json\/wp\/v2\/product\/6534","targetHints":{"allow":["GET"]}}],"collection":[{"href":"https:\/\/www.vxmventaspormayor.cl\/vxm\/wp-json\/wp\/v2\/product"}],"about":[{"href":"https:\/\/www.vxmventaspormayor.cl\/vxm\/wp-json\/wp\/v2\/types\/product"}],"replies":[{"embeddable":true,"href":"https:\/\/www.vxmventaspormayor.cl\/vxm\/wp-json\/wp\/v2\/comments?post=6534"}],"wp:featuredmedia":[{"embeddable":true,"href":"https:\/\/www.vxmventaspormayor.cl\/vxm\/wp-json\/wp\/v2\/media\/6535"}],"wp:attachment":[{"href":"https:\/\/www.vxmventaspormayor.cl\/vxm\/wp-json\/wp\/v2\/media?parent=6534"}],"wp:term":[{"taxonomy":"product_brand","embeddable":true,"href":"https:\/\/www.vxmventaspormayor.cl\/vxm\/wp-json\/wp\/v2\/product_brand?post=6534"},{"taxonomy":"product_cat","embeddable":true,"href":"https:\/\/www.vxmventaspormayor.cl\/vxm\/wp-json\/wp\/v2\/product_cat?post=6534"},{"taxonomy":"product_tag","embeddable":true,"href":"https:\/\/www.vxmventaspormayor.cl\/vxm\/wp-json\/wp\/v2\/product_tag?post=6534"}],"curies":[{"name":"wp","href":"https:\/\/api.w.org\/{rel}","templated":true}]}}

Tazón con cuchara ,personalizados, tazón con cuchara para regalos corporativos

<h2>Tazón con Cuchara 320cc</h2>
<p>Tazón Cerámico con Cuchara. Presentación individual en caja de cartón blanco.</p>
<p>Se puede personalizar en serigrafia</p>
<p>&nbsp;</p>
<p><span style="font-weight: 400;">Para cotizar tazón con cuchara por mayor , tazón con cuchara personalizados,  tazón con cuchara personalizados para empresas , tazón con cuchara chile,  tazón con cuchara para hombre,  tazón con cuchara para mujer,  tazón con cuchara grandes ,escríbenos al correo o whatsapp o en botón solicitar cotización</span></p>

<h2>Tazón con Cuchara 320cc</h2>
