{"id":6522,"date":"2022-07-26T00:26:13","date_gmt":"2022-07-26T00:26:13","guid":{"rendered":"https:\/\/vxmventaspormayor.cl\/vxm\/?post_type=product&#038;p=6522"},"modified":"2022-10-12T00:44:19","modified_gmt":"2022-10-12T00:44:19","slug":"caramayola-deport","status":"publish","type":"product","link":"https:\/\/www.vxmventaspormayor.cl\/vxm\/producto\/caramayola-deport\/","title":{"rendered":"Botella para agua-Caramayola Deport 750 cc"},"content":{"rendered":"<h2>Botella para agua-Caramayola Deport 750 cc<\/h2>\n<p>Botella deportiva modelo deport de pl\u00e1stico r\u00edgido trasl\u00facido con 4 anillos de silicona de color. Tapa de pl\u00e1stico PP de color con bebedero retr\u00e1ctil. Incluye bombilla pl\u00e1stica en el interior. Para l\u00edquidos fr\u00edos (no t\u00e9rmico).<\/p>\n<p><span style=\"font-weight: 400;\">Para cotizar caramayola mayor, caramayola personalizadas, caramayola para empresas escr\u00edbenos al correo o whatsapp o en bot\u00f3n solicitar cotizaci\u00f3n<\/span><\/p>\n","protected":false},"excerpt":{"rendered":"<h2><strong>Botella para agua-Caramayola Deport 750 cc<\/strong><\/h2>\n<p>Venta minima 30 unidades<\/p>\n<p>Si quiere cotizar menos cantidad o m\u00e1s cantidades escribenos.<\/p>\n<p>Botella para agua multiusos para todo lugar,botella deportiva modelo deport de pl\u00e1stico r\u00edgido trasl\u00facido con 4 anillos de silicona de color. Tapa de pl\u00e1stico PP de color con bebedero retr\u00e1ctil. Incluye bombilla pl\u00e1stica en el interior. Para l\u00edquidos fr\u00edos (no t\u00e9rmico).<\/p>\n","protected":false},"featured_media":6523,"comment_status":"closed","ping_status":"closed","template":"","meta":[],"product_brand":[],"product_cat":[72],"product_tag":[],"class_list":{"0":"post-6522","1":"product","2":"type-product","3":"status-publish","4":"has-post-thumbnail","6":"product_cat-mug-y-botellas","7":"thunk-woo-product-list","8":"opn-qv-enable","9":"top-store-woo-hover-zoom","10":"top-store-single-product-tab-horizontal","11":"top-store-shadow-","12":"top-store-shadow-hover-","14":"first","15":"instock","16":"sale","17":"taxable","18":"shipping-taxable","19":"purchasable","20":"product-type-simple"},"_links":{"self":[{"href":"https:\/\/www.vxmventaspormayor.cl\/vxm\/wp-json\/wp\/v2\/product\/6522","targetHints":{"allow":["GET"]}}],"collection":[{"href":"https:\/\/www.vxmventaspormayor.cl\/vxm\/wp-json\/wp\/v2\/product"}],"about":[{"href":"https:\/\/www.vxmventaspormayor.cl\/vxm\/wp-json\/wp\/v2\/types\/product"}],"replies":[{"embeddable":true,"href":"https:\/\/www.vxmventaspormayor.cl\/vxm\/wp-json\/wp\/v2\/comments?post=6522"}],"wp:featuredmedia":[{"embeddable":true,"href":"https:\/\/www.vxmventaspormayor.cl\/vxm\/wp-json\/wp\/v2\/media\/6523"}],"wp:attachment":[{"href":"https:\/\/www.vxmventaspormayor.cl\/vxm\/wp-json\/wp\/v2\/media?parent=6522"}],"wp:term":[{"taxonomy":"product_brand","embeddable":true,"href":"https:\/\/www.vxmventaspormayor.cl\/vxm\/wp-json\/wp\/v2\/product_brand?post=6522"},{"taxonomy":"product_cat","embeddable":true,"href":"https:\/\/www.vxmventaspormayor.cl\/vxm\/wp-json\/wp\/v2\/product_cat?post=6522"},{"taxonomy":"product_tag","embeddable":true,"href":"https:\/\/www.vxmventaspormayor.cl\/vxm\/wp-json\/wp\/v2\/product_tag?post=6522"}],"curies":[{"name":"wp","href":"https:\/\/api.w.org\/{rel}","templated":true}]}}