{"id":6362,"date":"2022-06-05T21:13:46","date_gmt":"2022-06-05T21:13:46","guid":{"rendered":"https:\/\/vxmventaspormayor.cl\/vxm\/?post_type=product&#038;p=6362"},"modified":"2022-06-07T22:37:03","modified_gmt":"2022-06-07T22:37:03","slug":"pechera-mezclilla-con-cuero-para-hombre-y-mujer","status":"publish","type":"product","link":"https:\/\/www.vxmventaspormayor.cl\/vxm\/producto\/pechera-mezclilla-con-cuero-para-hombre-y-mujer\/","title":{"rendered":"Pechera mezclilla con cuero para hombre y mujer"},"content":{"rendered":"","protected":false},"excerpt":{"rendered":"<p>Pechera de mezclilla con cuero caf\u00e9 caoba o caf\u00e9 claro cuenta con dos bolsillos de cuero ,ojetillos met\u00e1licos y ajuste al cuello para una mayor comodidad, tirantes en la cintura de mezclilla.<\/p>\n<p>Se puede personalizar desde 10 unidades con logo bordado con costo extra.<\/p>\n","protected":false},"featured_media":6363,"comment_status":"closed","ping_status":"closed","template":"","meta":[],"product_brand":[],"product_cat":[30],"product_tag":[],"class_list":{"0":"post-6362","1":"product","2":"type-product","3":"status-publish","4":"has-post-thumbnail","6":"product_cat-pecheras-delantalpecheras-mezclilla","7":"thunk-woo-product-list","8":"opn-qv-enable","9":"top-store-woo-hover-zoom","10":"top-store-single-product-tab-horizontal","11":"top-store-shadow-","12":"top-store-shadow-hover-","14":"first","15":"instock","16":"taxable","17":"shipping-taxable","18":"purchasable","19":"product-type-simple"},"_links":{"self":[{"href":"https:\/\/www.vxmventaspormayor.cl\/vxm\/wp-json\/wp\/v2\/product\/6362","targetHints":{"allow":["GET"]}}],"collection":[{"href":"https:\/\/www.vxmventaspormayor.cl\/vxm\/wp-json\/wp\/v2\/product"}],"about":[{"href":"https:\/\/www.vxmventaspormayor.cl\/vxm\/wp-json\/wp\/v2\/types\/product"}],"replies":[{"embeddable":true,"href":"https:\/\/www.vxmventaspormayor.cl\/vxm\/wp-json\/wp\/v2\/comments?post=6362"}],"wp:featuredmedia":[{"embeddable":true,"href":"https:\/\/www.vxmventaspormayor.cl\/vxm\/wp-json\/wp\/v2\/media\/6363"}],"wp:attachment":[{"href":"https:\/\/www.vxmventaspormayor.cl\/vxm\/wp-json\/wp\/v2\/media?parent=6362"}],"wp:term":[{"taxonomy":"product_brand","embeddable":true,"href":"https:\/\/www.vxmventaspormayor.cl\/vxm\/wp-json\/wp\/v2\/product_brand?post=6362"},{"taxonomy":"product_cat","embeddable":true,"href":"https:\/\/www.vxmventaspormayor.cl\/vxm\/wp-json\/wp\/v2\/product_cat?post=6362"},{"taxonomy":"product_tag","embeddable":true,"href":"https:\/\/www.vxmventaspormayor.cl\/vxm\/wp-json\/wp\/v2\/product_tag?post=6362"}],"curies":[{"name":"wp","href":"https:\/\/api.w.org\/{rel}","templated":true}]}}

<p>Pechera de mezclilla con cuero café caoba o café claro cuenta con dos bolsillos de cuero ,ojetillos metálicos y ajuste al cuello para una mayor comodidad, tirantes en la cintura de mezclilla.</p>
<p>Se puede personalizar desde 10 unidades con logo bordado con costo extra.</p>
