{"id":6275,"date":"2022-06-04T21:39:44","date_gmt":"2022-06-04T21:39:44","guid":{"rendered":"https:\/\/vxmventaspormayor.cl\/vxm\/?post_type=product&#038;p=6275"},"modified":"2022-07-31T01:52:56","modified_gmt":"2022-07-31T01:52:56","slug":"frazada-polar-con-bolso-polar-para-traslado","status":"publish","type":"product","link":"https:\/\/www.vxmventaspormayor.cl\/vxm\/producto\/frazada-polar-con-bolso-polar-para-traslado\/","title":{"rendered":"Frazada polar viajera con bolso polar para traslado"},"content":{"rendered":"<h2>Frazada polar viajera con bolso polar para traslado<\/h2>\n<p>Manta polar\u00a0 de 100&#215;1.45 con bolso de polar para traslado que puedes usar de almohada al guardar la frazada, ve a todo lugar con esta c\u00f3moda y manta polar para las tardes fr\u00edas y en todo momento que la necesites<\/p>\n<p>Venta minima 1 unidad<\/p>\n<h2><b>Mayoristas<\/b><\/h2>\n<p><span style=\"font-weight: 400;\">Consultar por whatsapp por otros tramos de valores ,stock de colores antes a nuestro whatsapp +56996569117\u00a0 o correo contacto@vxmventaspormayor.cl<\/span><\/p>\n<p><span style=\"font-weight: 400;\">Mayoristas<\/span><\/p>\n<p><span style=\"font-weight: 400;\">Para consultar valores mayoristas ,mantas de polar deportivas,venta de mantas personalizadas para empresas de deportes ,mantas de polar para empresas por mayor y cotizar bordados escr\u00edbenos a nuestro whatsapp que est\u00e1 al inicio de la p\u00e1gina al correo o en el bot\u00f3n cotizar.<\/span><\/p>\n","protected":false},"excerpt":{"rendered":"<h2>Frazada polar viajera con bolso polar para traslado<\/h2>\n<p>Manta polar\u00a0 de 100&#215;1.45 con bolso de polar para traslado que puedes usar de almohada al guardar la frazada, ve a todo lugar con esta c\u00f3moda y manta polar para las tardes fr\u00edas y en todo momento que la necesites<\/p>\n<p>Venta minima 1 unidad<\/p>\n<p>&nbsp;<\/p>\n<p>Se encuentran disponibles en 8 colores para elegir.<\/p>\n<p>Se puede personalizar con logo bordado\u00a0 desde 10 unidades con costo extra de bordado<\/p>\n<h2><strong>Mayoristas<\/strong><\/h2>\n<p><span style=\"font-weight: 400;\">Para consultar valores mayoristas ,mantas de polar deportivas,venta de mantas personalizadas para empresas de deportes ,mantas de polar para empresas por mayor y cotizar bordados escr\u00edbenos a nuestro whatsapp que est\u00e1 al inicio de la p\u00e1gina al correo o en el bot\u00f3n cotizar.<\/span><\/p>\n<p>&nbsp;<\/p>\n","protected":false},"featured_media":6276,"comment_status":"closed","ping_status":"closed","template":"","meta":[],"product_brand":[],"product_cat":[26,32,55],"product_tag":[],"class_list":{"0":"post-6275","1":"product","2":"type-product","3":"status-publish","4":"has-post-thumbnail","6":"product_cat-merchandising-y-regalos-corporativos","7":"product_cat-frazadas-de-polar","8":"product_cat-frazadas-de-viaje","9":"thunk-woo-product-list","10":"opn-qv-enable","11":"top-store-woo-hover-zoom","12":"top-store-single-product-tab-horizontal","13":"top-store-shadow-","14":"top-store-shadow-hover-","16":"first","17":"instock","18":"taxable","19":"shipping-taxable","20":"purchasable","21":"product-type-simple"},"_links":{"self":[{"href":"https:\/\/www.vxmventaspormayor.cl\/vxm\/wp-json\/wp\/v2\/product\/6275","targetHints":{"allow":["GET"]}}],"collection":[{"href":"https:\/\/www.vxmventaspormayor.cl\/vxm\/wp-json\/wp\/v2\/product"}],"about":[{"href":"https:\/\/www.vxmventaspormayor.cl\/vxm\/wp-json\/wp\/v2\/types\/product"}],"replies":[{"embeddable":true,"href":"https:\/\/www.vxmventaspormayor.cl\/vxm\/wp-json\/wp\/v2\/comments?post=6275"}],"wp:featuredmedia":[{"embeddable":true,"href":"https:\/\/www.vxmventaspormayor.cl\/vxm\/wp-json\/wp\/v2\/media\/6276"}],"wp:attachment":[{"href":"https:\/\/www.vxmventaspormayor.cl\/vxm\/wp-json\/wp\/v2\/media?parent=6275"}],"wp:term":[{"taxonomy":"product_brand","embeddable":true,"href":"https:\/\/www.vxmventaspormayor.cl\/vxm\/wp-json\/wp\/v2\/product_brand?post=6275"},{"taxonomy":"product_cat","embeddable":true,"href":"https:\/\/www.vxmventaspormayor.cl\/vxm\/wp-json\/wp\/v2\/product_cat?post=6275"},{"taxonomy":"product_tag","embeddable":true,"href":"https:\/\/www.vxmventaspormayor.cl\/vxm\/wp-json\/wp\/v2\/product_tag?post=6275"}],"curies":[{"name":"wp","href":"https:\/\/api.w.org\/{rel}","templated":true}]}}