{"id":6223,"date":"2022-06-01T14:51:42","date_gmt":"2022-06-01T14:51:42","guid":{"rendered":"https:\/\/vxmventaspormayor.cl\/vxm\/?post_type=product&#038;p=6223"},"modified":"2022-06-01T14:51:42","modified_gmt":"2022-06-01T14:51:42","slug":"gorro-polar-ninos-y-ninas-cuello-polar-ninos-y-ninas-por-mayor-cuello-gorro","status":"publish","type":"product","link":"https:\/\/www.vxmventaspormayor.cl\/vxm\/producto\/gorro-polar-ninos-y-ninas-cuello-polar-ninos-y-ninas-por-mayor-cuello-gorro\/","title":{"rendered":"Gorro polar ni\u00f1os y ni\u00f1as ,cuello polar ni\u00f1os y ni\u00f1as por mayor ,cuello gorro"},"content":{"rendered":"","protected":false},"excerpt":{"rendered":"<p>Gorro cuello para ni\u00f1os y ni\u00f1as de polar transformable, se encuentra disponible en 5 colores para elegir.<\/p>\n<h3>Venta m\u00ednima 20 unidades<\/h3>\n<h2>Mayoristas<\/h2>\n<p>Escr\u00edbenos a nuestro whatsapp o correo para cotizar valores mayoristas contacto@vxmventaspormayor.cl<\/p>\n<p>&nbsp;<\/p>\n","protected":false},"featured_media":6224,"comment_status":"closed","ping_status":"closed","template":"","meta":[],"product_brand":[],"product_cat":[71,36],"product_tag":[],"class_list":{"0":"post-6223","1":"product","2":"type-product","3":"status-publish","4":"has-post-thumbnail","6":"product_cat-ninos","7":"product_cat-gorros-de-polar","8":"thunk-woo-product-list","9":"opn-qv-enable","10":"top-store-woo-hover-zoom","11":"top-store-single-product-tab-horizontal","12":"top-store-shadow-","13":"top-store-shadow-hover-","15":"first","16":"instock","17":"taxable","18":"shipping-taxable","19":"purchasable","20":"product-type-simple"},"_links":{"self":[{"href":"https:\/\/www.vxmventaspormayor.cl\/vxm\/wp-json\/wp\/v2\/product\/6223","targetHints":{"allow":["GET"]}}],"collection":[{"href":"https:\/\/www.vxmventaspormayor.cl\/vxm\/wp-json\/wp\/v2\/product"}],"about":[{"href":"https:\/\/www.vxmventaspormayor.cl\/vxm\/wp-json\/wp\/v2\/types\/product"}],"replies":[{"embeddable":true,"href":"https:\/\/www.vxmventaspormayor.cl\/vxm\/wp-json\/wp\/v2\/comments?post=6223"}],"wp:featuredmedia":[{"embeddable":true,"href":"https:\/\/www.vxmventaspormayor.cl\/vxm\/wp-json\/wp\/v2\/media\/6224"}],"wp:attachment":[{"href":"https:\/\/www.vxmventaspormayor.cl\/vxm\/wp-json\/wp\/v2\/media?parent=6223"}],"wp:term":[{"taxonomy":"product_brand","embeddable":true,"href":"https:\/\/www.vxmventaspormayor.cl\/vxm\/wp-json\/wp\/v2\/product_brand?post=6223"},{"taxonomy":"product_cat","embeddable":true,"href":"https:\/\/www.vxmventaspormayor.cl\/vxm\/wp-json\/wp\/v2\/product_cat?post=6223"},{"taxonomy":"product_tag","embeddable":true,"href":"https:\/\/www.vxmventaspormayor.cl\/vxm\/wp-json\/wp\/v2\/product_tag?post=6223"}],"curies":[{"name":"wp","href":"https:\/\/api.w.org\/{rel}","templated":true}]}}

Gorro polar niños y niñas ,cuello polar niños y niñas por mayor ,cuello gorro

<p>Gorro cuello para niños y niñas de polar transformable, se encuentra disponible en 5 colores para elegir.</p>
<h3>Venta mínima 20 unidades</h3>
<h2>Mayoristas</h2>
<p>Escríbenos a nuestro whatsapp o correo para cotizar valores mayoristas contacto@vxmventaspormayor.cl</p>
<p>&nbsp;</p>
