{"id":6191,"date":"2022-05-28T18:19:35","date_gmt":"2022-05-28T18:19:35","guid":{"rendered":"https:\/\/vxmventaspormayor.cl\/vxm\/?post_type=product&#038;p=6191"},"modified":"2022-05-28T18:19:35","modified_gmt":"2022-05-28T18:19:35","slug":"manta-impermeable-para-auto-manta-impermeable-para-asientos-de-auto-manta-impermeable-para-mascotas","status":"publish","type":"product","link":"https:\/\/www.vxmventaspormayor.cl\/vxm\/producto\/manta-impermeable-para-auto-manta-impermeable-para-asientos-de-auto-manta-impermeable-para-mascotas\/","title":{"rendered":"Manta impermeable para auto, manta impermeable para asientos de auto, manta impermeable para mascotas"},"content":{"rendered":"","protected":false},"excerpt":{"rendered":"<p>Manta impermeable para asientos de autos, mantas impermeables para asientos de camionetas, camiones, se puede lavar f\u00e1cilmente y es de r\u00e1pido secado se ajusta con mosquet\u00f3n<\/p>\n<p>Las fotos pueden no ser exactas dependiendo de las partidas de la fabrica en cuanto a las orillas algunas vienen con vivo y otras dobladas en las orillas ,son todas de material engomado 600 impermeable y van con sus ajustes.<\/p>\n<p>Se encuentran disponible en 3 colores<\/p>\n<p>Venta m\u00ednima 2 unidades<\/p>\n<p><strong>MAYORISTAS<\/strong><\/p>\n<p>Recuerda cotizar valores mayoristas a nuestro whatsapp o a nuestro correo contacto@vxmventaspormayor.cl<\/p>\n<p>mantas impermeables para autos, mantas impermeables para asientos.<\/p>\n","protected":false},"featured_media":6192,"comment_status":"closed","ping_status":"closed","template":"","meta":[],"product_brand":[],"product_cat":[74,39],"product_tag":[],"class_list":{"0":"post-6191","1":"product","2":"type-product","3":"status-publish","4":"has-post-thumbnail","6":"product_cat-productos-personalizados-para-clinicas-veterinarias","7":"product_cat-camas-impermeables-para-perros","8":"thunk-woo-product-list","9":"opn-qv-enable","10":"top-store-woo-hover-zoom","11":"top-store-single-product-tab-horizontal","12":"top-store-shadow-","13":"top-store-shadow-hover-","15":"first","16":"instock","17":"taxable","18":"shipping-taxable","19":"purchasable","20":"product-type-simple"},"_links":{"self":[{"href":"https:\/\/www.vxmventaspormayor.cl\/vxm\/wp-json\/wp\/v2\/product\/6191","targetHints":{"allow":["GET"]}}],"collection":[{"href":"https:\/\/www.vxmventaspormayor.cl\/vxm\/wp-json\/wp\/v2\/product"}],"about":[{"href":"https:\/\/www.vxmventaspormayor.cl\/vxm\/wp-json\/wp\/v2\/types\/product"}],"replies":[{"embeddable":true,"href":"https:\/\/www.vxmventaspormayor.cl\/vxm\/wp-json\/wp\/v2\/comments?post=6191"}],"wp:featuredmedia":[{"embeddable":true,"href":"https:\/\/www.vxmventaspormayor.cl\/vxm\/wp-json\/wp\/v2\/media\/6192"}],"wp:attachment":[{"href":"https:\/\/www.vxmventaspormayor.cl\/vxm\/wp-json\/wp\/v2\/media?parent=6191"}],"wp:term":[{"taxonomy":"product_brand","embeddable":true,"href":"https:\/\/www.vxmventaspormayor.cl\/vxm\/wp-json\/wp\/v2\/product_brand?post=6191"},{"taxonomy":"product_cat","embeddable":true,"href":"https:\/\/www.vxmventaspormayor.cl\/vxm\/wp-json\/wp\/v2\/product_cat?post=6191"},{"taxonomy":"product_tag","embeddable":true,"href":"https:\/\/www.vxmventaspormayor.cl\/vxm\/wp-json\/wp\/v2\/product_tag?post=6191"}],"curies":[{"name":"wp","href":"https:\/\/api.w.org\/{rel}","templated":true}]}}