{"id":5744,"date":"2022-03-11T23:56:46","date_gmt":"2022-03-11T23:56:46","guid":{"rendered":"https:\/\/vxmventaspormayor.cl\/vxm\/?post_type=product&#038;p=5744"},"modified":"2022-03-12T00:00:52","modified_gmt":"2022-03-12T00:00:52","slug":"gorro-polar-capucha-termico-con-cordon-ajustable","status":"publish","type":"product","link":"https:\/\/www.vxmventaspormayor.cl\/vxm\/producto\/gorro-polar-capucha-termico-con-cordon-ajustable\/","title":{"rendered":"Gorro polar capucha t\u00e9rmico con cord\u00f3n ajustable"},"content":{"rendered":"","protected":false},"excerpt":{"rendered":"<p>Gorro polar ,tallas adultos y ni\u00f1os ,fabricado en tela polar con cord\u00f3n ajustable al rostro para que puedas acomodar como quieras.<\/p>\n<h3>Venta m\u00ednima 12 unidades de 1 color a elecci\u00f3n<\/h3>\n<h2>Mayoristas<\/h2>\n<p>Para cotizar valores mayoristas escr\u00edbenos a nuestro whatsapp o correo contacto@vxmventaspormayor.cl<\/p>\n","protected":false},"featured_media":5743,"comment_status":"closed","ping_status":"closed","template":"","meta":[],"product_brand":[],"product_cat":[36],"product_tag":[],"class_list":{"0":"post-5744","1":"product","2":"type-product","3":"status-publish","4":"has-post-thumbnail","6":"product_cat-gorros-de-polar","7":"thunk-woo-product-list","8":"opn-qv-enable","9":"top-store-woo-hover-zoom","10":"top-store-single-product-tab-horizontal","11":"top-store-shadow-","12":"top-store-shadow-hover-","14":"first","15":"instock","16":"taxable","17":"shipping-taxable","18":"purchasable","19":"product-type-simple"},"_links":{"self":[{"href":"https:\/\/www.vxmventaspormayor.cl\/vxm\/wp-json\/wp\/v2\/product\/5744","targetHints":{"allow":["GET"]}}],"collection":[{"href":"https:\/\/www.vxmventaspormayor.cl\/vxm\/wp-json\/wp\/v2\/product"}],"about":[{"href":"https:\/\/www.vxmventaspormayor.cl\/vxm\/wp-json\/wp\/v2\/types\/product"}],"replies":[{"embeddable":true,"href":"https:\/\/www.vxmventaspormayor.cl\/vxm\/wp-json\/wp\/v2\/comments?post=5744"}],"wp:featuredmedia":[{"embeddable":true,"href":"https:\/\/www.vxmventaspormayor.cl\/vxm\/wp-json\/wp\/v2\/media\/5743"}],"wp:attachment":[{"href":"https:\/\/www.vxmventaspormayor.cl\/vxm\/wp-json\/wp\/v2\/media?parent=5744"}],"wp:term":[{"taxonomy":"product_brand","embeddable":true,"href":"https:\/\/www.vxmventaspormayor.cl\/vxm\/wp-json\/wp\/v2\/product_brand?post=5744"},{"taxonomy":"product_cat","embeddable":true,"href":"https:\/\/www.vxmventaspormayor.cl\/vxm\/wp-json\/wp\/v2\/product_cat?post=5744"},{"taxonomy":"product_tag","embeddable":true,"href":"https:\/\/www.vxmventaspormayor.cl\/vxm\/wp-json\/wp\/v2\/product_tag?post=5744"}],"curies":[{"name":"wp","href":"https:\/\/api.w.org\/{rel}","templated":true}]}}

Gorro polar capucha térmico con cordón ajustable

<p>Gorro polar ,tallas adultos y niños ,fabricado en tela polar con cordón ajustable al rostro para que puedas acomodar como quieras.</p>
<h3>Venta mínima 12 unidades de 1 color a elección</h3>
<h2>Mayoristas</h2>
<p>Para cotizar valores mayoristas escríbenos a nuestro whatsapp o correo contacto@vxmventaspormayor.cl</p>
