{"id":5674,"date":"2022-03-10T00:05:57","date_gmt":"2022-03-10T00:05:57","guid":{"rendered":"https:\/\/vxmventaspormayor.cl\/vxm\/?post_type=product&#038;p=5674"},"modified":"2025-05-09T20:41:04","modified_gmt":"2025-05-09T20:41:04","slug":"12-unidades-de-bufanda-de-polar-orilladas","status":"publish","type":"product","link":"https:\/\/www.vxmventaspormayor.cl\/vxm\/producto\/12-unidades-de-bufanda-de-polar-orilladas\/","title":{"rendered":"bufanda de polar por mayor ,bufanda polar personalizada"},"content":{"rendered":"<h2>Bufanda de polar 25&#215;1.45 aprox<\/h2>\n<p>Bufanda polar terminaci\u00f3n orillada<\/p>\n<p>valor de pack de 12 unidades<\/p>\n<p>&nbsp;<\/p>\n<h2><b>Mayoristas<\/b><\/h2>\n<p><span style=\"font-weight: 400;\">Consultar por whatsapp por otros tramos de valores ,stock de colores antes a nuestro whatsapp +56996569117\u00a0 o correo contacto@vxmventaspormayor.cl<\/span><\/p>\n<p><span style=\"font-weight: 400;\">Para consultar valores mayoristas de bufandas de polar por mayor,venta de bufandas de polar personalizadas para empresas,bufandas polar con logo por mayor ,comprar bufandas publicitarias y cotizar bordados escr\u00edbenos a nuestro whatsapp que est\u00e1 al inicio de la p\u00e1gina al correo o en el bot\u00f3n cotizar.<\/span><\/p>\n","protected":false},"excerpt":{"rendered":"<h2>Bufanda de polar 25&#215;1.45 aprox<\/h2>\n<p>Bufanda polar venta minima 12 unidades de 1 color .<\/p>\n<p>Valor por unidad.<\/p>\n<h2><b>Mayoristas<\/b><\/h2>\n<p><span style=\"font-weight: 400;\">Consultar por whatsapp por otros tramos de valores ,stock de colores antes a nuestro whatsapp +56996569117\u00a0 o correo contacto@vxmventaspormayor.cl<\/span><\/p>\n<p><span style=\"font-weight: 400;\">Para consultar valores mayoristas de bufandas de polar por mayor,venta de bufandas de polar personalizadas para empresas,bufandas polar con logo por mayor ,comprar bufandas publicitarias y cotizar bordados escr\u00edbenos a nuestro whatsapp que est\u00e1 al inicio de la p\u00e1gina al correo o en el bot\u00f3n cotizar.<\/span><\/p>\n<p>&nbsp;<\/p>\n","protected":false},"featured_media":3703,"comment_status":"closed","ping_status":"closed","template":"","meta":[],"product_brand":[],"product_cat":[36],"product_tag":[],"class_list":{"0":"post-5674","1":"product","2":"type-product","3":"status-publish","4":"has-post-thumbnail","6":"product_cat-gorros-de-polar","7":"thunk-woo-product-list","8":"opn-qv-enable","9":"top-store-woo-hover-zoom","10":"top-store-single-product-tab-horizontal","11":"top-store-shadow-","12":"top-store-shadow-hover-","14":"first","15":"instock","16":"taxable","17":"shipping-taxable","18":"purchasable","19":"product-type-simple"},"_links":{"self":[{"href":"https:\/\/www.vxmventaspormayor.cl\/vxm\/wp-json\/wp\/v2\/product\/5674","targetHints":{"allow":["GET"]}}],"collection":[{"href":"https:\/\/www.vxmventaspormayor.cl\/vxm\/wp-json\/wp\/v2\/product"}],"about":[{"href":"https:\/\/www.vxmventaspormayor.cl\/vxm\/wp-json\/wp\/v2\/types\/product"}],"replies":[{"embeddable":true,"href":"https:\/\/www.vxmventaspormayor.cl\/vxm\/wp-json\/wp\/v2\/comments?post=5674"}],"wp:featuredmedia":[{"embeddable":true,"href":"https:\/\/www.vxmventaspormayor.cl\/vxm\/wp-json\/wp\/v2\/media\/3703"}],"wp:attachment":[{"href":"https:\/\/www.vxmventaspormayor.cl\/vxm\/wp-json\/wp\/v2\/media?parent=5674"}],"wp:term":[{"taxonomy":"product_brand","embeddable":true,"href":"https:\/\/www.vxmventaspormayor.cl\/vxm\/wp-json\/wp\/v2\/product_brand?post=5674"},{"taxonomy":"product_cat","embeddable":true,"href":"https:\/\/www.vxmventaspormayor.cl\/vxm\/wp-json\/wp\/v2\/product_cat?post=5674"},{"taxonomy":"product_tag","embeddable":true,"href":"https:\/\/www.vxmventaspormayor.cl\/vxm\/wp-json\/wp\/v2\/product_tag?post=5674"}],"curies":[{"name":"wp","href":"https:\/\/api.w.org\/{rel}","templated":true}]}}

<h2>Bufanda de polar 25&#215;1.45 aprox</h2>
<p>Bufanda polar terminación orillada</p>
<p>valor de pack de 12 unidades</p>
<p>&nbsp;</p>
<h2><b>Mayoristas</b></h2>
<p><span style="font-weight: 400;">Consultar por whatsapp por otros tramos de valores ,stock de colores antes a nuestro whatsapp +56996569117  o correo contacto@vxmventaspormayor.cl</span></p>
<p><span style="font-weight: 400;">Para consultar valores mayoristas de bufandas de polar por mayor,venta de bufandas de polar personalizadas para empresas,bufandas polar con logo por mayor ,comprar bufandas publicitarias y cotizar bordados escríbenos a nuestro whatsapp que está al inicio de la página al correo o en el botón cotizar.</span></p>

<h2>Bufanda de polar 25&#215;1.45 aprox</h2>
<p>Bufanda polar venta minima 12 unidades de 1 color .</p>
<p>Valor por unidad.</p>
<h2><b>Mayoristas</b></h2>
<p><span style="font-weight: 400;">Consultar por whatsapp por otros tramos de valores ,stock de colores antes a nuestro whatsapp +56996569117  o correo contacto@vxmventaspormayor.cl</span></p>
<p><span style="font-weight: 400;">Para consultar valores mayoristas de bufandas de polar por mayor,venta de bufandas de polar personalizadas para empresas,bufandas polar con logo por mayor ,comprar bufandas publicitarias y cotizar bordados escríbenos a nuestro whatsapp que está al inicio de la página al correo o en el botón cotizar.</span></p>
<p>&nbsp;</p>
