{"id":5631,"date":"2022-03-08T23:22:53","date_gmt":"2022-03-08T23:22:53","guid":{"rendered":"https:\/\/vxmventaspormayor.cl\/vxm\/?post_type=product&#038;p=5631"},"modified":"2025-03-03T12:07:30","modified_gmt":"2025-03-03T12:07:30","slug":"almohada-de-viaje","status":"publish","type":"product","link":"https:\/\/www.vxmventaspormayor.cl\/vxm\/producto\/almohada-de-viaje\/","title":{"rendered":"Almohada de viaje"},"content":{"rendered":"<p>Almohada de viaje 32&#215;32 aproximado<br \/>\nFabricacion tela polar<br \/>\nRelleno algodon sintetico<br \/>\nEspesor medio<br \/>\nAlmohada cerrada<\/p>\n<p>Se recomienda comprar muestra para conocer pueden ser irregulares y no exactas almohada de algodon sintetico<br \/>\nAlmohada de viaje con relleno de algod\u00f3n sint\u00e9tico, dise\u00f1ada para ofrecer una suavidad confortable y adaptable, brindando un apoyo ligero y flexible que se ajusta delicadamente a la forma del cuello, ideal para quienes prefieren una sensaci\u00f3n mas suave y blanda.<\/p>\n","protected":false},"excerpt":{"rendered":"<p>Almohada de cuello rellena de algod\u00f3n sint\u00e9tico para que tus viajes sean mas agradables.<\/p>\n<p>disponible en 8 colores .<\/p>\n<p>Minoristas venta al detalle<\/p>\n<p>Consultar colores disponibles<\/p>\n<p>Mayoristas<\/p>\n<p>escr\u00edbenos a nuestro whatsapp o a nuestro correo para cotizar valores mayoristas y bordados contacto@vxmventaspormayor.cl<\/p>\n<p>&nbsp;<\/p>\n","protected":false},"featured_media":2998,"comment_status":"closed","ping_status":"closed","template":"","meta":[],"product_brand":[],"product_cat":[33,73],"product_tag":[],"class_list":{"0":"post-5631","1":"product","2":"type-product","3":"status-publish","4":"has-post-thumbnail","6":"product_cat-pack-de-viaje","7":"product_cat-almohadas-y-cojines","8":"thunk-woo-product-list","9":"opn-qv-enable","10":"top-store-woo-hover-zoom","11":"top-store-single-product-tab-horizontal","12":"top-store-shadow-","13":"top-store-shadow-hover-","15":"first","16":"instock","17":"taxable","18":"shipping-taxable","19":"purchasable","20":"product-type-simple"},"_links":{"self":[{"href":"https:\/\/www.vxmventaspormayor.cl\/vxm\/wp-json\/wp\/v2\/product\/5631","targetHints":{"allow":["GET"]}}],"collection":[{"href":"https:\/\/www.vxmventaspormayor.cl\/vxm\/wp-json\/wp\/v2\/product"}],"about":[{"href":"https:\/\/www.vxmventaspormayor.cl\/vxm\/wp-json\/wp\/v2\/types\/product"}],"replies":[{"embeddable":true,"href":"https:\/\/www.vxmventaspormayor.cl\/vxm\/wp-json\/wp\/v2\/comments?post=5631"}],"wp:featuredmedia":[{"embeddable":true,"href":"https:\/\/www.vxmventaspormayor.cl\/vxm\/wp-json\/wp\/v2\/media\/2998"}],"wp:attachment":[{"href":"https:\/\/www.vxmventaspormayor.cl\/vxm\/wp-json\/wp\/v2\/media?parent=5631"}],"wp:term":[{"taxonomy":"product_brand","embeddable":true,"href":"https:\/\/www.vxmventaspormayor.cl\/vxm\/wp-json\/wp\/v2\/product_brand?post=5631"},{"taxonomy":"product_cat","embeddable":true,"href":"https:\/\/www.vxmventaspormayor.cl\/vxm\/wp-json\/wp\/v2\/product_cat?post=5631"},{"taxonomy":"product_tag","embeddable":true,"href":"https:\/\/www.vxmventaspormayor.cl\/vxm\/wp-json\/wp\/v2\/product_tag?post=5631"}],"curies":[{"name":"wp","href":"https:\/\/api.w.org\/{rel}","templated":true}]}}

<p>Almohada de viaje 32&#215;32 aproximado<br />
Fabricacion tela polar<br />
Relleno algodon sintetico<br />
Espesor medio<br />
Almohada cerrada</p>
<p>Se recomienda comprar muestra para conocer pueden ser irregulares y no exactas almohada de algodon sintetico<br />
Almohada de viaje con relleno de algodón sintético, diseñada para ofrecer una suavidad confortable y adaptable, brindando un apoyo ligero y flexible que se ajusta delicadamente a la forma del cuello, ideal para quienes prefieren una sensación mas suave y blanda.</p>

<p>Almohada de cuello rellena de algodón sintético para que tus viajes sean mas agradables.</p>
<p>disponible en 8 colores .</p>
<p>Minoristas venta al detalle</p>
<p>Consultar colores disponibles</p>
<p>Mayoristas</p>
<p>escríbenos a nuestro whatsapp o a nuestro correo para cotizar valores mayoristas y bordados contacto@vxmventaspormayor.cl</p>
<p>&nbsp;</p>
