{"id":5624,"date":"2022-03-08T22:30:31","date_gmt":"2022-03-08T22:30:31","guid":{"rendered":"https:\/\/vxmventaspormayor.cl\/vxm\/?post_type=product&#038;p=5624"},"modified":"2022-07-27T23:56:28","modified_gmt":"2022-07-27T23:56:28","slug":"5624","status":"publish","type":"product","link":"https:\/\/www.vxmventaspormayor.cl\/vxm\/producto\/5624\/","title":{"rendered":"Frazada de viaje ,frazadas de polar al por mayor para llevar a todo lugar"},"content":{"rendered":"<h3>Manta polar\u00a0 100&#215;1.45 con correas para trasladas ajuste tik tok<\/h3>\n<p>Descripci\u00f3n.<\/p>\n<p>&nbsp;<\/p>\n<p>&nbsp;<\/p>\n<p>Manta polar terminaci\u00f3n orillada overlock medida 1.00&#215;1.45 aprox con arn\u00e9s para traslado de huincha poli\u00e9ster y tik tok para que puedas trasladar esta manta a todo lugar, se encuentra disponibles en 10 colores<\/p>\n<p>&nbsp;<\/p>\n<h2>Mayoristas<\/h2>\n<p>Consultar por whatsapp por otros tramos de valores ,stock de colores antes a nuestro whatsapp +56996569117\u00a0 o correo contacto@vxmventaspormayor.cl<\/p>\n<p>Mayoristas<\/p>\n<p>Para consultar valores mayoristas y cotizar bordados escr\u00edbenos a nuestro whatsapp que esta al inicio de la pagina o al correo<\/p>\n<p>&nbsp;<\/p>\n","protected":false},"excerpt":{"rendered":"<h3>Manta polar\u00a0 100&#215;1.45 con correas para trasladas ajuste tik tok<\/h3>\n<p>Valor por 1 unidad<\/p>\n<p>&nbsp;<\/p>\n<h3>Mayoristas<\/h3>\n<p>Para consultar valores mayoristas de venta de mantas de polar corporativas,venta de mantas personalizadas,mantas de polar para empresas y cotizar bordados escr\u00edbenos a nuestro whatsapp que est\u00e1 al inicio de la pag\u00edna al correo o en el bot\u00f3n cotizar.<\/p>\n<p>&nbsp;<\/p>\n<h3><\/h3>\n<h3><\/h3>\n<p>&nbsp;<\/p>\n<p>&nbsp;<\/p>\n<p>&nbsp;<\/p>\n<p>&nbsp;<\/p>\n<p>&nbsp;<\/p>\n","protected":false},"featured_media":5046,"comment_status":"closed","ping_status":"closed","template":"","meta":[],"product_brand":[],"product_cat":[32,33],"product_tag":[],"class_list":{"0":"post-5624","1":"product","2":"type-product","3":"status-publish","4":"has-post-thumbnail","6":"product_cat-frazadas-de-polar","7":"product_cat-pack-de-viaje","8":"thunk-woo-product-list","9":"opn-qv-enable","10":"top-store-woo-hover-zoom","11":"top-store-single-product-tab-horizontal","12":"top-store-shadow-","13":"top-store-shadow-hover-","15":"first","16":"instock","17":"taxable","18":"shipping-taxable","19":"purchasable","20":"product-type-simple"},"_links":{"self":[{"href":"https:\/\/www.vxmventaspormayor.cl\/vxm\/wp-json\/wp\/v2\/product\/5624","targetHints":{"allow":["GET"]}}],"collection":[{"href":"https:\/\/www.vxmventaspormayor.cl\/vxm\/wp-json\/wp\/v2\/product"}],"about":[{"href":"https:\/\/www.vxmventaspormayor.cl\/vxm\/wp-json\/wp\/v2\/types\/product"}],"replies":[{"embeddable":true,"href":"https:\/\/www.vxmventaspormayor.cl\/vxm\/wp-json\/wp\/v2\/comments?post=5624"}],"wp:featuredmedia":[{"embeddable":true,"href":"https:\/\/www.vxmventaspormayor.cl\/vxm\/wp-json\/wp\/v2\/media\/5046"}],"wp:attachment":[{"href":"https:\/\/www.vxmventaspormayor.cl\/vxm\/wp-json\/wp\/v2\/media?parent=5624"}],"wp:term":[{"taxonomy":"product_brand","embeddable":true,"href":"https:\/\/www.vxmventaspormayor.cl\/vxm\/wp-json\/wp\/v2\/product_brand?post=5624"},{"taxonomy":"product_cat","embeddable":true,"href":"https:\/\/www.vxmventaspormayor.cl\/vxm\/wp-json\/wp\/v2\/product_cat?post=5624"},{"taxonomy":"product_tag","embeddable":true,"href":"https:\/\/www.vxmventaspormayor.cl\/vxm\/wp-json\/wp\/v2\/product_tag?post=5624"}],"curies":[{"name":"wp","href":"https:\/\/api.w.org\/{rel}","templated":true}]}}

<h3>Manta polar  100&#215;1.45 con correas para trasladas ajuste tik tok</h3>
<p>Descripción.</p>
<p>&nbsp;</p>
<p>&nbsp;</p>
<p>Manta polar terminación orillada overlock medida 1.00&#215;1.45 aprox con arnés para traslado de huincha poliéster y tik tok para que puedas trasladar esta manta a todo lugar, se encuentra disponibles en 10 colores</p>
<p>&nbsp;</p>
<h2>Mayoristas</h2>
<p>Consultar por whatsapp por otros tramos de valores ,stock de colores antes a nuestro whatsapp +56996569117  o correo contacto@vxmventaspormayor.cl</p>
<p>Mayoristas</p>
<p>Para consultar valores mayoristas y cotizar bordados escríbenos a nuestro whatsapp que esta al inicio de la pagina o al correo</p>
<p>&nbsp;</p>

<h3>Manta polar  100&#215;1.45 con correas para trasladas ajuste tik tok</h3>
<p>Valor por 1 unidad</p>
<p>&nbsp;</p>
<h3>Mayoristas</h3>
<p>Para consultar valores mayoristas de venta de mantas de polar corporativas,venta de mantas personalizadas,mantas de polar para empresas y cotizar bordados escríbenos a nuestro whatsapp que está al inicio de la pagína al correo o en el botón cotizar.</p>
<p>&nbsp;</p>
<h3></h3>
<h3></h3>
<p>&nbsp;</p>
<p>&nbsp;</p>
<p>&nbsp;</p>
<p>&nbsp;</p>
<p>&nbsp;</p>
