{"id":5623,"date":"2022-03-08T21:17:41","date_gmt":"2022-03-08T21:17:41","guid":{"rendered":"https:\/\/vxmventaspormayor.cl\/vxm\/?post_type=product&#038;p=5623"},"modified":"2022-07-27T23:41:17","modified_gmt":"2022-07-27T23:41:17","slug":"frazada-polar-manta-de-polar-con-arnes-de-eco-cuero-cuerina-para-traslado","status":"publish","type":"product","link":"https:\/\/www.vxmventaspormayor.cl\/vxm\/producto\/frazada-polar-manta-de-polar-con-arnes-de-eco-cuero-cuerina-para-traslado\/","title":{"rendered":"Frazada polar con cuero de viaje ,manta polar viajes"},"content":{"rendered":"<h3>Manta polar con cuero para viajes 100&#215;1.45<\/h3>\n<p>Minoristas y detalle<\/p>\n<p>Ficha t\u00e9cnica: Manta de polar, con arn\u00e9s en cuero o cuerina Descripci\u00f3n; Tela polar de calidad, durabilidad, Frazada t\u00e9rmica, tela polar ecol\u00f3gica Terminaci\u00f3n orillada overlock. Medidas: Frazada polar se encuentra disponible en todas las medidas 100&#215;1.45 Se encuentra disponible en m\u00e1s de 8colores.<\/p>\n<p>Valor no incluye logo ,al detalle solo se vende el producto sin logo .<\/p>\n<p>Mayoristas<\/p>\n<h3>Recuerda cotizar valores mayoristas a nuestro whatsapp o correo contacto@vxmventaspormayor.cl<\/h3>\n<p>frazada t\u00e9rmica de polar Se puede bordar o estampar seg\u00fan elecci\u00f3n. Usos: Frazada polar o Manta polar sus usos son variados , usos publicitarios, regalos publicitarios, Para viajes, regalos corporativos, para restaurantes y caf\u00e9, eventos y matrimonios, empresas de viaje, aerol\u00edneas, Hoteles, Cl\u00ednicas son multiuso por su alto valor t\u00e9rmico. Lavados: se recomienda lavar sola sin otras prendas, se puede secar en la secadora. Fono ventas: 22-7244928 +56996569117<br \/>\nManta polar con arnes cuerina ,opci\u00f2n de logo a elecci\u00f2n disponible en todos los colores<\/p>\n<h3><\/h3>\n<h3>Manta polar con cuero para viajes 100&#215;1.45<\/h3>\n<p>Venta minima 1 unidad<\/p>\n<p>Valor no incluye logo<\/p>\n<p>6 colores para elegir<\/p>\n<h3>Recuerda cotizar valores mayoristas a nuestro whatsapp o correo contacto@vxmventaspormayor.cl<\/h3>\n<p>&nbsp;<\/p>\n<p>&nbsp;<\/p>\n<p>&nbsp;<\/p>\n","protected":false},"excerpt":{"rendered":"<h3>Manta polar con cuero para viajes 100&#215;1.45<\/h3>\n<p>Venta minima 1 unidad sin logo<\/p>\n<p>Valor no incluye logo para logo bordado desde 10 unidades con costo extra de logo.<\/p>\n<p>6 colores para elegir<\/p>\n<h3>Recuerda cotizar valores mayoristas a nuestro whatsapp o correo contacto@vxmventaspormayor.cl<\/h3>\n","protected":false},"featured_media":6551,"comment_status":"closed","ping_status":"closed","template":"","meta":{"site-sidebar-layout":"default","site-content-layout":"","ast-site-content-layout":"default","site-content-style":"default","site-sidebar-style":"default","ast-global-header-display":"","ast-banner-title-visibility":"","ast-main-header-display":"","ast-hfb-above-header-display":"","ast-hfb-below-header-display":"","ast-hfb-mobile-header-display":"","site-post-title":"","ast-breadcrumbs-content":"","ast-featured-img":"","footer-sml-layout":"","ast-disable-related-posts":"","theme-transparent-header-meta":"","adv-header-id-meta":"","stick-header-meta":"","header-above-stick-meta":"","header-main-stick-meta":"","header-below-stick-meta":"","astra-migrate-meta-layouts":"default","ast-page-background-enabled":"default","ast-page-background-meta":{"desktop":{"background-color":"var(--ast-global-color-5)","background-image":"","background-repeat":"repeat","background-position":"center center","background-size":"auto","background-attachment":"scroll","background-type":"","background-media":"","overlay-type":"","overlay-color":"","overlay-opacity":"","overlay-gradient":""},"tablet":{"background-color":"","background-image":"","background-repeat":"repeat","background-position":"center center","background-size":"auto","background-attachment":"scroll","background-type":"","background-media":"","overlay-type":"","overlay-color":"","overlay-opacity":"","overlay-gradient":""},"mobile":{"background-color":"","background-image":"","background-repeat":"repeat","background-position":"center center","background-size":"auto","background-attachment":"scroll","background-type":"","background-media":"","overlay-type":"","overlay-color":"","overlay-opacity":"","overlay-gradient":""}},"ast-content-background-meta":{"desktop":{"background-color":"var(--ast-global-color-4)","background-image":"","background-repeat":"repeat","background-position":"center center","background-size":"auto","background-attachment":"scroll","background-type":"","background-media":"","overlay-type":"","overlay-color":"","overlay-opacity":"","overlay-gradient":""},"tablet":{"background-color":"var(--ast-global-color-4)","background-image":"","background-repeat":"repeat","background-position":"center center","background-size":"auto","background-attachment":"scroll","background-type":"","background-media":"","overlay-type":"","overlay-color":"","overlay-opacity":"","overlay-gradient":""},"mobile":{"background-color":"var(--ast-global-color-4)","background-image":"","background-repeat":"repeat","background-position":"center center","background-size":"auto","background-attachment":"scroll","background-type":"","background-media":"","overlay-type":"","overlay-color":"","overlay-opacity":"","overlay-gradient":""}},"_joinchat":[]},"product_brand":[],"product_cat":[32],"product_tag":[],"class_list":["post-5623","product","type-product","status-publish","has-post-thumbnail","product_cat-frazadas-de-polar","desktop-align-left","tablet-align-left","mobile-align-left","first","instock","taxable","shipping-taxable","purchasable","product-type-simple"],"_links":{"self":[{"href":"https:\/\/www.vxmventaspormayor.cl\/vxm\/wp-json\/wp\/v2\/product\/5623","targetHints":{"allow":["GET"]}}],"collection":[{"href":"https:\/\/www.vxmventaspormayor.cl\/vxm\/wp-json\/wp\/v2\/product"}],"about":[{"href":"https:\/\/www.vxmventaspormayor.cl\/vxm\/wp-json\/wp\/v2\/types\/product"}],"replies":[{"embeddable":true,"href":"https:\/\/www.vxmventaspormayor.cl\/vxm\/wp-json\/wp\/v2\/comments?post=5623"}],"wp:featuredmedia":[{"embeddable":true,"href":"https:\/\/www.vxmventaspormayor.cl\/vxm\/wp-json\/wp\/v2\/media\/6551"}],"wp:attachment":[{"href":"https:\/\/www.vxmventaspormayor.cl\/vxm\/wp-json\/wp\/v2\/media?parent=5623"}],"wp:term":[{"taxonomy":"product_brand","embeddable":true,"href":"https:\/\/www.vxmventaspormayor.cl\/vxm\/wp-json\/wp\/v2\/product_brand?post=5623"},{"taxonomy":"product_cat","embeddable":true,"href":"https:\/\/www.vxmventaspormayor.cl\/vxm\/wp-json\/wp\/v2\/product_cat?post=5623"},{"taxonomy":"product_tag","embeddable":true,"href":"https:\/\/www.vxmventaspormayor.cl\/vxm\/wp-json\/wp\/v2\/product_tag?post=5623"}],"curies":[{"name":"wp","href":"https:\/\/api.w.org\/{rel}","templated":true}]}}

<h3>Manta polar con cuero para viajes 100&#215;1.45</h3>
<p>Minoristas y detalle</p>
<p>Ficha técnica: Manta de polar, con arnés en cuero o cuerina Descripción; Tela polar de calidad, durabilidad, Frazada térmica, tela polar ecológica Terminación orillada overlock. Medidas: Frazada polar se encuentra disponible en todas las medidas 100&#215;1.45 Se encuentra disponible en más de 8colores.</p>
<p>Valor no incluye logo ,al detalle solo se vende el producto sin logo .</p>
<p>Mayoristas</p>
<h3>Recuerda cotizar valores mayoristas a nuestro whatsapp o correo contacto@vxmventaspormayor.cl</h3>
<p>frazada térmica de polar Se puede bordar o estampar según elección. Usos: Frazada polar o Manta polar sus usos son variados , usos publicitarios, regalos publicitarios, Para viajes, regalos corporativos, para restaurantes y café, eventos y matrimonios, empresas de viaje, aerolíneas, Hoteles, Clínicas son multiuso por su alto valor térmico. Lavados: se recomienda lavar sola sin otras prendas, se puede secar en la secadora. Fono ventas: 22-7244928 +56996569117<br />
Manta polar con arnes cuerina ,opciòn de logo a elecciòn disponible en todos los colores</p>
<h3></h3>
<h3>Manta polar con cuero para viajes 100&#215;1.45</h3>
<p>Venta minima 1 unidad</p>
<p>Valor no incluye logo</p>
<p>6 colores para elegir</p>
<h3>Recuerda cotizar valores mayoristas a nuestro whatsapp o correo contacto@vxmventaspormayor.cl</h3>
<p>&nbsp;</p>
<p>&nbsp;</p>
<p>&nbsp;</p>
