{"id":5622,"date":"2022-03-08T21:07:06","date_gmt":"2022-03-08T21:07:06","guid":{"rendered":"https:\/\/vxmventaspormayor.cl\/vxm\/?post_type=product&#038;p=5622"},"modified":"2022-07-28T00:08:16","modified_gmt":"2022-07-28T00:08:16","slug":"frazada-de-viaje-con-bolso-para-traslado","status":"publish","type":"product","link":"https:\/\/www.vxmventaspormayor.cl\/vxm\/producto\/frazada-de-viaje-con-bolso-para-traslado\/","title":{"rendered":"frazada de viaje con bolso para traslado"},"content":{"rendered":"<h2>Manta polar con bolsito para traslado de forro repelente,aventurera .<\/h2>\n<p>&nbsp;<\/p>\n<p>Minoristas y detalle<\/p>\n<p>Ficha t\u00e9cnica: Manta de polar, con bolso tela repelente para traslado. Descripci\u00f3n; Tela polar de calidad, durabilidad, Frazada t\u00e9rmica, tela polar ecol\u00f3gica Terminaci\u00f3n orillada overlock. Medidas: Frazada polar\u00a0 -100&#215;1.45\u00a0 \u00a0Se encuentra disponible en m\u00e1s de 8 colores.<\/p>\n<p>se recomienda consultar stock de colores<\/p>\n<p>&nbsp;<\/p>\n<p>Mayoristas<\/p>\n<p>Recuerda escribirnos para consultar valores mayoristas<\/p>\n<p>Frazada t\u00e9rmica de polar ,comprar mantas publicitarias,mantas para viaje publicitarias se puede bordar o estampar seg\u00fan elecci\u00f3n. Usos: Frazada polar o Manta polar sus usos son variados , mantas polar para usos publicitarios, regalos publicitarios, Mantas para viajes, regalos corporativos, para restaurantes y caf\u00e9, eventos y matrimonios, empresas de viaje, aerol\u00edneas, Hoteles, Cl\u00ednicas son multiuso por su alto valor t\u00e9rmico. Lavados: se recomienda lavar sola sin otras prendas, se puede secar en la secadora. Fono ventas: 22-7244928 +56996569117<br \/>\nManta polar + bolso para traslado disponible en todos los colores y medidas<\/p>\n","protected":false},"excerpt":{"rendered":"<h2>Manta polar con bolsito para traslado de forro repelente,aventurera .<\/h2>\n<p>valor por 1 unidad<\/p>\n<p>&nbsp;<\/p>\n<p>Minoristas y detalle<\/p>\n<p>Ficha t\u00e9cnica: Manta de polar, con bolso tela repelente para traslado. Descripci\u00f3n; Tela polar de calidad, durabilidad, Frazada t\u00e9rmica, tela polar ecol\u00f3gica Terminaci\u00f3n orillada overlock. Medidas: Frazada polar\u00a0 -100&#215;1.45\u00a0 \u00a0Se encuentra disponible en m\u00e1s de 8 colores.<\/p>\n<p>se recomienda consultar stock de colores<\/p>\n<p>&nbsp;<\/p>\n<p>&nbsp;<\/p>\n","protected":false},"featured_media":6273,"comment_status":"closed","ping_status":"closed","template":"","meta":[],"product_brand":[],"product_cat":[32,33],"product_tag":[],"class_list":{"0":"post-5622","1":"product","2":"type-product","3":"status-publish","4":"has-post-thumbnail","6":"product_cat-frazadas-de-polar","7":"product_cat-pack-de-viaje","8":"thunk-woo-product-list","9":"opn-qv-enable","10":"top-store-woo-hover-zoom","11":"top-store-single-product-tab-horizontal","12":"top-store-shadow-","13":"top-store-shadow-hover-","15":"first","16":"instock","17":"taxable","18":"shipping-taxable","19":"purchasable","20":"product-type-simple"},"_links":{"self":[{"href":"https:\/\/www.vxmventaspormayor.cl\/vxm\/wp-json\/wp\/v2\/product\/5622","targetHints":{"allow":["GET"]}}],"collection":[{"href":"https:\/\/www.vxmventaspormayor.cl\/vxm\/wp-json\/wp\/v2\/product"}],"about":[{"href":"https:\/\/www.vxmventaspormayor.cl\/vxm\/wp-json\/wp\/v2\/types\/product"}],"replies":[{"embeddable":true,"href":"https:\/\/www.vxmventaspormayor.cl\/vxm\/wp-json\/wp\/v2\/comments?post=5622"}],"wp:featuredmedia":[{"embeddable":true,"href":"https:\/\/www.vxmventaspormayor.cl\/vxm\/wp-json\/wp\/v2\/media\/6273"}],"wp:attachment":[{"href":"https:\/\/www.vxmventaspormayor.cl\/vxm\/wp-json\/wp\/v2\/media?parent=5622"}],"wp:term":[{"taxonomy":"product_brand","embeddable":true,"href":"https:\/\/www.vxmventaspormayor.cl\/vxm\/wp-json\/wp\/v2\/product_brand?post=5622"},{"taxonomy":"product_cat","embeddable":true,"href":"https:\/\/www.vxmventaspormayor.cl\/vxm\/wp-json\/wp\/v2\/product_cat?post=5622"},{"taxonomy":"product_tag","embeddable":true,"href":"https:\/\/www.vxmventaspormayor.cl\/vxm\/wp-json\/wp\/v2\/product_tag?post=5622"}],"curies":[{"name":"wp","href":"https:\/\/api.w.org\/{rel}","templated":true}]}}

<h2>Manta polar con bolsito para traslado de forro repelente,aventurera .</h2>
<p>&nbsp;</p>
<p>Minoristas y detalle</p>
<p>Ficha técnica: Manta de polar, con bolso tela repelente para traslado. Descripción; Tela polar de calidad, durabilidad, Frazada térmica, tela polar ecológica Terminación orillada overlock. Medidas: Frazada polar  -100&#215;1.45   Se encuentra disponible en más de 8 colores.</p>
<p>se recomienda consultar stock de colores</p>
<p>&nbsp;</p>
<p>Mayoristas</p>
<p>Recuerda escribirnos para consultar valores mayoristas</p>
<p>Frazada térmica de polar ,comprar mantas publicitarias,mantas para viaje publicitarias se puede bordar o estampar según elección. Usos: Frazada polar o Manta polar sus usos son variados , mantas polar para usos publicitarios, regalos publicitarios, Mantas para viajes, regalos corporativos, para restaurantes y café, eventos y matrimonios, empresas de viaje, aerolíneas, Hoteles, Clínicas son multiuso por su alto valor térmico. Lavados: se recomienda lavar sola sin otras prendas, se puede secar en la secadora. Fono ventas: 22-7244928 +56996569117<br />
Manta polar + bolso para traslado disponible en todos los colores y medidas</p>

<h2>Manta polar con bolsito para traslado de forro repelente,aventurera .</h2>
<p>valor por 1 unidad</p>
<p>&nbsp;</p>
<p>Minoristas y detalle</p>
<p>Ficha técnica: Manta de polar, con bolso tela repelente para traslado. Descripción; Tela polar de calidad, durabilidad, Frazada térmica, tela polar ecológica Terminación orillada overlock. Medidas: Frazada polar  -100&#215;1.45   Se encuentra disponible en más de 8 colores.</p>
<p>se recomienda consultar stock de colores</p>
<p>&nbsp;</p>
<p>&nbsp;</p>
