{"id":5620,"date":"2022-03-08T20:52:05","date_gmt":"2022-03-08T20:52:05","guid":{"rendered":"https:\/\/vxmventaspormayor.cl\/vxm\/?post_type=product&#038;p=5620"},"modified":"2022-03-08T21:01:41","modified_gmt":"2022-03-08T21:01:41","slug":"5620","status":"publish","type":"product","link":"https:\/\/www.vxmventaspormayor.cl\/vxm\/producto\/5620\/","title":{"rendered":"Manta de polar con correas para trasladar a todo lugar"},"content":{"rendered":"","protected":false},"excerpt":{"rendered":"<p>Minorista y detalle<\/p>\n<p>C\u00f3moda frazada polar t\u00e9rmica de 1.20&#215;1.45 terminaci\u00f3n orillada overlock ideales para viajes ,regalos y para llevar a todo lugar<\/p>\n<p>junto a ella no pasaras frio y te sentir\u00e1s c\u00f3modo y acogido, valor incluye 1 frazada y 1 arn\u00e9s para traslado<\/p>\n<p>manta polar se encuentra disponible en 10 colores, recomendamos consultar stock de color antes a nuestro whatsapp o al correo contacto@vxmventaspormayor.cl<\/p>\n<p>&nbsp;<\/p>\n<p>Mayoristas<\/p>\n<p>Cuenta con un espacio para que puedas bordar o restampar tu logo ,para bordados desde 10 unidades el logo tiene costo extra<\/p>\n<p>Sobre 20 unidades 5999+iva cada<\/p>\n<p>para cantidad mayor escribirnos a nuestro whatsapp<\/p>\n","protected":false},"featured_media":5047,"comment_status":"closed","ping_status":"closed","template":"","meta":[],"product_brand":[],"product_cat":[32],"product_tag":[],"class_list":{"0":"post-5620","1":"product","2":"type-product","3":"status-publish","4":"has-post-thumbnail","6":"product_cat-frazadas-de-polar","7":"thunk-woo-product-list","8":"opn-qv-enable","9":"top-store-woo-hover-zoom","10":"top-store-single-product-tab-horizontal","11":"top-store-shadow-","12":"top-store-shadow-hover-","14":"first","15":"instock","16":"taxable","17":"shipping-taxable","18":"purchasable","19":"product-type-simple"},"_links":{"self":[{"href":"https:\/\/www.vxmventaspormayor.cl\/vxm\/wp-json\/wp\/v2\/product\/5620","targetHints":{"allow":["GET"]}}],"collection":[{"href":"https:\/\/www.vxmventaspormayor.cl\/vxm\/wp-json\/wp\/v2\/product"}],"about":[{"href":"https:\/\/www.vxmventaspormayor.cl\/vxm\/wp-json\/wp\/v2\/types\/product"}],"replies":[{"embeddable":true,"href":"https:\/\/www.vxmventaspormayor.cl\/vxm\/wp-json\/wp\/v2\/comments?post=5620"}],"wp:featuredmedia":[{"embeddable":true,"href":"https:\/\/www.vxmventaspormayor.cl\/vxm\/wp-json\/wp\/v2\/media\/5047"}],"wp:attachment":[{"href":"https:\/\/www.vxmventaspormayor.cl\/vxm\/wp-json\/wp\/v2\/media?parent=5620"}],"wp:term":[{"taxonomy":"product_brand","embeddable":true,"href":"https:\/\/www.vxmventaspormayor.cl\/vxm\/wp-json\/wp\/v2\/product_brand?post=5620"},{"taxonomy":"product_cat","embeddable":true,"href":"https:\/\/www.vxmventaspormayor.cl\/vxm\/wp-json\/wp\/v2\/product_cat?post=5620"},{"taxonomy":"product_tag","embeddable":true,"href":"https:\/\/www.vxmventaspormayor.cl\/vxm\/wp-json\/wp\/v2\/product_tag?post=5620"}],"curies":[{"name":"wp","href":"https:\/\/api.w.org\/{rel}","templated":true}]}}

<p>Minorista y detalle</p>
<p>Cómoda frazada polar térmica de 1.20&#215;1.45 terminación orillada overlock ideales para viajes ,regalos y para llevar a todo lugar</p>
<p>junto a ella no pasaras frio y te sentirás cómodo y acogido, valor incluye 1 frazada y 1 arnés para traslado</p>
<p>manta polar se encuentra disponible en 10 colores, recomendamos consultar stock de color antes a nuestro whatsapp o al correo contacto@vxmventaspormayor.cl</p>
<p>&nbsp;</p>
<p>Mayoristas</p>
<p>Cuenta con un espacio para que puedas bordar o restampar tu logo ,para bordados desde 10 unidades el logo tiene costo extra</p>
<p>Sobre 20 unidades 5999+iva cada</p>
<p>para cantidad mayor escribirnos a nuestro whatsapp</p>
