{"id":5614,"date":"2022-03-08T20:25:29","date_gmt":"2022-03-08T20:25:29","guid":{"rendered":"https:\/\/vxmventaspormayor.cl\/vxm\/?post_type=product&#038;p=5614"},"modified":"2022-07-28T00:49:38","modified_gmt":"2022-07-28T00:49:38","slug":"5614","status":"publish","type":"product","link":"https:\/\/www.vxmventaspormayor.cl\/vxm\/producto\/5614\/","title":{"rendered":"Frazada polar de 1 plaza"},"content":{"rendered":"<h2>Frazada polar de 1 plaza<\/h2>\n<p>Ficha t\u00e9cnica: Manta de polar, Frazada de polar. Descripci\u00f3n; Tela polar de calidad, durabilidad, Frazada t\u00e9rmica, tela polar ecol\u00f3gica Terminaci\u00f3n orillada overlock. Medidas: Frazada polar 2.00&#215;1.45.Se encuentra disponible en 8 colores.<\/p>\n<p>Frazada polar al por mayor ,venta de frazadas polar para empresas , se puede bordar o estampar seg\u00fan elecci\u00f3n. El valor de bordado tiene costo extra y se puede bordar desde 10 unidades ,Frazada polar o Manta polar personalizadas sus usos son variados , usos publicitarios, regalos publicitarios, Para viajes, regalos corporativos, para restaurantes y caf\u00e9, eventos y matrimonios,barcos, empresas de viaje, aerol\u00edneas, Hoteles, Cl\u00ednicas son multiuso por su alto valor t\u00e9rmico. Lavados: se recomienda lavar sola sin otras prendas, se puede secar en la secadora. Fono ventas: 22-7244928 +56996569117<\/p>\n<p>&nbsp;<\/p>\n<h2><b>Mayoristas<\/b><\/h2>\n<p><span style=\"font-weight: 400;\">Consultar por whatsapp por otros tramos de valores ,stock de colores antes a nuestro whatsapp +56996569117\u00a0 o correo contacto@vxmventaspormayor.cl<\/span><\/p>\n<p><span style=\"font-weight: 400;\">Para consultar valores mayoristas de frazadas de polar 1 plaza,venta de frazadas de 1 plaza personalizadas para empresas,frazadas de polar 1 plaza por mayor y cotizar bordados escr\u00edbenos a nuestro whatsapp que est\u00e1 al inicio de la p\u00e1gina al correo o en el bot\u00f3n cotizar.<\/span><\/p>\n","protected":false},"excerpt":{"rendered":"<h2>Frazada polar de 1 plaza<\/h2>\n<p>Venta minima 1 unidad se recomienda contultar stock de colores.<\/p>\n<p>Ficha t\u00e9cnica: Manta de polar, Frazada de polar. Descripci\u00f3n; Tela polar de calidad, durabilidad, Frazada t\u00e9rmica, tela polar ecol\u00f3gica Terminaci\u00f3n orillada overlock. Medidas: Frazada polar 2.00&#215;1.45.Se encuentra disponible en 8 colores.<\/p>\n<p>&nbsp;<\/p>\n<h2><b>Mayoristas<\/b><\/h2>\n<p><span style=\"font-weight: 400;\">Consultar por whatsapp por otros tramos de valores ,stock de colores antes a nuestro whatsapp +56996569117\u00a0 o correo contacto@vxmventaspormayor.cl<\/span><\/p>\n<p><span style=\"font-weight: 400;\">Para consultar valores mayoristas de frazadas de polar 1 plaza,venta de frazadas de 1 plaza personalizadas para empresas,frazadas de polar 1 plaza por mayor y cotizar bordados escr\u00edbenos a nuestro whatsapp que est\u00e1 al inicio de la p\u00e1gina al correo o en el bot\u00f3n cotizar.<\/span><\/p>\n","protected":false},"featured_media":5615,"comment_status":"closed","ping_status":"closed","template":"","meta":[],"product_brand":[],"product_cat":[32,54],"product_tag":[],"class_list":{"0":"post-5614","1":"product","2":"type-product","3":"status-publish","4":"has-post-thumbnail","6":"product_cat-frazadas-de-polar","7":"product_cat-frazadas-por-mayor-hogar","8":"thunk-woo-product-list","9":"opn-qv-enable","10":"top-store-woo-hover-zoom","11":"top-store-single-product-tab-horizontal","12":"top-store-shadow-","13":"top-store-shadow-hover-","15":"first","16":"instock","17":"taxable","18":"shipping-taxable","19":"purchasable","20":"product-type-simple"},"_links":{"self":[{"href":"https:\/\/www.vxmventaspormayor.cl\/vxm\/wp-json\/wp\/v2\/product\/5614","targetHints":{"allow":["GET"]}}],"collection":[{"href":"https:\/\/www.vxmventaspormayor.cl\/vxm\/wp-json\/wp\/v2\/product"}],"about":[{"href":"https:\/\/www.vxmventaspormayor.cl\/vxm\/wp-json\/wp\/v2\/types\/product"}],"replies":[{"embeddable":true,"href":"https:\/\/www.vxmventaspormayor.cl\/vxm\/wp-json\/wp\/v2\/comments?post=5614"}],"wp:featuredmedia":[{"embeddable":true,"href":"https:\/\/www.vxmventaspormayor.cl\/vxm\/wp-json\/wp\/v2\/media\/5615"}],"wp:attachment":[{"href":"https:\/\/www.vxmventaspormayor.cl\/vxm\/wp-json\/wp\/v2\/media?parent=5614"}],"wp:term":[{"taxonomy":"product_brand","embeddable":true,"href":"https:\/\/www.vxmventaspormayor.cl\/vxm\/wp-json\/wp\/v2\/product_brand?post=5614"},{"taxonomy":"product_cat","embeddable":true,"href":"https:\/\/www.vxmventaspormayor.cl\/vxm\/wp-json\/wp\/v2\/product_cat?post=5614"},{"taxonomy":"product_tag","embeddable":true,"href":"https:\/\/www.vxmventaspormayor.cl\/vxm\/wp-json\/wp\/v2\/product_tag?post=5614"}],"curies":[{"name":"wp","href":"https:\/\/api.w.org\/{rel}","templated":true}]}}

<h2>Frazada polar de 1 plaza</h2>
<p>Ficha técnica: Manta de polar, Frazada de polar. Descripción; Tela polar de calidad, durabilidad, Frazada térmica, tela polar ecológica Terminación orillada overlock. Medidas: Frazada polar 2.00&#215;1.45.Se encuentra disponible en 8 colores.</p>
<p>Frazada polar al por mayor ,venta de frazadas polar para empresas , se puede bordar o estampar según elección. El valor de bordado tiene costo extra y se puede bordar desde 10 unidades ,Frazada polar o Manta polar personalizadas sus usos son variados , usos publicitarios, regalos publicitarios, Para viajes, regalos corporativos, para restaurantes y café, eventos y matrimonios,barcos, empresas de viaje, aerolíneas, Hoteles, Clínicas son multiuso por su alto valor térmico. Lavados: se recomienda lavar sola sin otras prendas, se puede secar en la secadora. Fono ventas: 22-7244928 +56996569117</p>
<p>&nbsp;</p>
<h2><b>Mayoristas</b></h2>
<p><span style="font-weight: 400;">Consultar por whatsapp por otros tramos de valores ,stock de colores antes a nuestro whatsapp +56996569117  o correo contacto@vxmventaspormayor.cl</span></p>
<p><span style="font-weight: 400;">Para consultar valores mayoristas de frazadas de polar 1 plaza,venta de frazadas de 1 plaza personalizadas para empresas,frazadas de polar 1 plaza por mayor y cotizar bordados escríbenos a nuestro whatsapp que está al inicio de la página al correo o en el botón cotizar.</span></p>

<h2>Frazada polar de 1 plaza</h2>
<p>Venta minima 1 unidad se recomienda contultar stock de colores.</p>
<p>Ficha técnica: Manta de polar, Frazada de polar. Descripción; Tela polar de calidad, durabilidad, Frazada térmica, tela polar ecológica Terminación orillada overlock. Medidas: Frazada polar 2.00&#215;1.45.Se encuentra disponible en 8 colores.</p>
<p>&nbsp;</p>
<h2><b>Mayoristas</b></h2>
<p><span style="font-weight: 400;">Consultar por whatsapp por otros tramos de valores ,stock de colores antes a nuestro whatsapp +56996569117  o correo contacto@vxmventaspormayor.cl</span></p>
<p><span style="font-weight: 400;">Para consultar valores mayoristas de frazadas de polar 1 plaza,venta de frazadas de 1 plaza personalizadas para empresas,frazadas de polar 1 plaza por mayor y cotizar bordados escríbenos a nuestro whatsapp que está al inicio de la página al correo o en el botón cotizar.</span></p>
