{"id":5606,"date":"2022-03-08T15:49:53","date_gmt":"2022-03-08T15:49:53","guid":{"rendered":"https:\/\/vxmventaspormayor.cl\/vxm\/?post_type=product&#038;p=5606"},"modified":"2022-07-27T22:30:52","modified_gmt":"2022-07-27T22:30:52","slug":"frazada-con-arnes-para-traslado","status":"publish","type":"product","link":"https:\/\/www.vxmventaspormayor.cl\/vxm\/producto\/frazada-con-arnes-para-traslado\/","title":{"rendered":"Frazada polar viaje para traslado"},"content":{"rendered":"<h3>Manta polar viajera, frazada de polar de 100&#215;1.45 con arn\u00e9s para trasladar a todo lugar<\/h3>\n<p>Venta m\u00ednima 4 unidades<\/p>\n<p>Si quieres personalizar tu manta tiene costo extra de bordado, consulta al whatsapp para logos desde 1o unidades<\/p>\n<h3>Recuerda<strong> ahorrar<\/strong> y consultar valores mayoristas\u00a0 a nuestro whatsapp ,en nuestro sitio los precios est\u00e1n al detalle<\/h3>\n<p>&nbsp;<\/p>\n<p>Obt\u00e9n alta visibilidad a trav\u00e9s de las frazadas con arn\u00e9s para viaje, regalo ,estadio, evento, equipo, las Frazadas las puedes bordar con tu logo, Nuestras frazadas y mantas personalizadas son hechas de polar poli\u00e9ster cepillado suave y est\u00e1n disponibles en veinte colores geniales para combinar con los colores de tu empresa o evento o logotipo corporativo.<\/p>\n<p>&nbsp;<\/p>\n","protected":false},"excerpt":{"rendered":"<h3>Manta polar, frazada de polar de 100&#215;1.45 con arn\u00e9s para trasladar a todo lugar<\/h3>\n<p>Venta minima 3 unidades .<\/p>\n<p>&nbsp;<\/p>\n","protected":false},"featured_media":5607,"comment_status":"closed","ping_status":"closed","template":"","meta":[],"product_brand":[],"product_cat":[32],"product_tag":[],"class_list":{"0":"post-5606","1":"product","2":"type-product","3":"status-publish","4":"has-post-thumbnail","6":"product_cat-frazadas-de-polar","7":"thunk-woo-product-list","8":"opn-qv-enable","9":"top-store-woo-hover-zoom","10":"top-store-single-product-tab-horizontal","11":"top-store-shadow-","12":"top-store-shadow-hover-","14":"first","15":"instock","16":"taxable","17":"shipping-taxable","18":"purchasable","19":"product-type-simple"},"_links":{"self":[{"href":"https:\/\/www.vxmventaspormayor.cl\/vxm\/wp-json\/wp\/v2\/product\/5606","targetHints":{"allow":["GET"]}}],"collection":[{"href":"https:\/\/www.vxmventaspormayor.cl\/vxm\/wp-json\/wp\/v2\/product"}],"about":[{"href":"https:\/\/www.vxmventaspormayor.cl\/vxm\/wp-json\/wp\/v2\/types\/product"}],"replies":[{"embeddable":true,"href":"https:\/\/www.vxmventaspormayor.cl\/vxm\/wp-json\/wp\/v2\/comments?post=5606"}],"wp:featuredmedia":[{"embeddable":true,"href":"https:\/\/www.vxmventaspormayor.cl\/vxm\/wp-json\/wp\/v2\/media\/5607"}],"wp:attachment":[{"href":"https:\/\/www.vxmventaspormayor.cl\/vxm\/wp-json\/wp\/v2\/media?parent=5606"}],"wp:term":[{"taxonomy":"product_brand","embeddable":true,"href":"https:\/\/www.vxmventaspormayor.cl\/vxm\/wp-json\/wp\/v2\/product_brand?post=5606"},{"taxonomy":"product_cat","embeddable":true,"href":"https:\/\/www.vxmventaspormayor.cl\/vxm\/wp-json\/wp\/v2\/product_cat?post=5606"},{"taxonomy":"product_tag","embeddable":true,"href":"https:\/\/www.vxmventaspormayor.cl\/vxm\/wp-json\/wp\/v2\/product_tag?post=5606"}],"curies":[{"name":"wp","href":"https:\/\/api.w.org\/{rel}","templated":true}]}}