{"id":5300,"date":"2020-06-28T20:49:34","date_gmt":"2020-06-28T20:49:34","guid":{"rendered":"https:\/\/vxmventaspormayor.cl\/vxm\/?post_type=product&#038;p=5300"},"modified":"2022-09-09T01:55:15","modified_gmt":"2022-09-09T01:55:15","slug":"calza-algodon","status":"publish","type":"product","link":"https:\/\/www.vxmventaspormayor.cl\/vxm\/producto\/calza-algodon\/","title":{"rendered":"Calza algod\u00f2n"},"content":{"rendered":"<h3>Calza de algod\u00f3n<\/h3>\n<p>&nbsp;<\/p>\n<h2><b>Mayoristas<\/b><\/h2>\n<p><span style=\"font-weight: 400;\">Para consultar valores mayoristas de calzas de algod\u00f3n ,comprar calzas de algod\u00f3n corporativas Chile, calzas de algod\u00f3n por mayor, calzas de algod\u00f3n personalizadas y cotizar bordados escr\u00edbenos a nuestro whatsapp que est\u00e1 al inicio de la p\u00e1gina al correo o en el bot\u00f3n cotizar.<\/span><\/p>\n","protected":false},"excerpt":{"rendered":"<h3>Calza de algod\u00f2n<\/h3>\n<h3>El valor es por 1 unidad.<\/h3>\n<p>Talla estandar<\/p>\n<h3>C\u00f3moda y el\u00e0sticada.<\/h3>\n<h6>Colores ,NEGRO,GRIS OSCURO CONSULTAR MAS COLORES EN STOCK al whatsapp<\/h6>\n<h3>Recuerda consultar valores mayoristas a nuestro whatsapp<img loading=\"lazy\" decoding=\"async\" class=\"wp-image-5111 alignright\" src=\"https:\/\/vxmventaspormayor.cl\/vxm\/wp-content\/uploads\/2020\/04\/regalos-publicitarios.jpg\" alt=\"regalos\" width=\"158\" height=\"102\" \/><\/h3>\n","protected":false},"featured_media":6624,"comment_status":"closed","ping_status":"closed","template":"","meta":[],"product_brand":[],"product_cat":[26,70,92,69,29],"product_tag":[],"class_list":{"0":"post-5300","1":"product","2":"type-product","3":"status-publish","4":"has-post-thumbnail","6":"product_cat-merchandising-y-regalos-corporativos","7":"product_cat-belleza-y-salud","8":"product_cat-calzas","9":"product_cat-belleza-y-mujer","10":"product_cat-venta-de-ropa-de-mujer","11":"thunk-woo-product-list","12":"opn-qv-enable","13":"top-store-woo-hover-zoom","14":"top-store-single-product-tab-horizontal","15":"top-store-shadow-","16":"top-store-shadow-hover-","18":"first","19":"instock","20":"sale","21":"taxable","22":"shipping-taxable","23":"purchasable","24":"product-type-simple"},"_links":{"self":[{"href":"https:\/\/www.vxmventaspormayor.cl\/vxm\/wp-json\/wp\/v2\/product\/5300","targetHints":{"allow":["GET"]}}],"collection":[{"href":"https:\/\/www.vxmventaspormayor.cl\/vxm\/wp-json\/wp\/v2\/product"}],"about":[{"href":"https:\/\/www.vxmventaspormayor.cl\/vxm\/wp-json\/wp\/v2\/types\/product"}],"replies":[{"embeddable":true,"href":"https:\/\/www.vxmventaspormayor.cl\/vxm\/wp-json\/wp\/v2\/comments?post=5300"}],"wp:featuredmedia":[{"embeddable":true,"href":"https:\/\/www.vxmventaspormayor.cl\/vxm\/wp-json\/wp\/v2\/media\/6624"}],"wp:attachment":[{"href":"https:\/\/www.vxmventaspormayor.cl\/vxm\/wp-json\/wp\/v2\/media?parent=5300"}],"wp:term":[{"taxonomy":"product_brand","embeddable":true,"href":"https:\/\/www.vxmventaspormayor.cl\/vxm\/wp-json\/wp\/v2\/product_brand?post=5300"},{"taxonomy":"product_cat","embeddable":true,"href":"https:\/\/www.vxmventaspormayor.cl\/vxm\/wp-json\/wp\/v2\/product_cat?post=5300"},{"taxonomy":"product_tag","embeddable":true,"href":"https:\/\/www.vxmventaspormayor.cl\/vxm\/wp-json\/wp\/v2\/product_tag?post=5300"}],"curies":[{"name":"wp","href":"https:\/\/api.w.org\/{rel}","templated":true}]}}

Calza algodòn

<h3>Calza de algodón</h3>
<p>&nbsp;</p>
<h2><b>Mayoristas</b></h2>
<p><span style="font-weight: 400;">Para consultar valores mayoristas de calzas de algodón ,comprar calzas de algodón corporativas Chile, calzas de algodón por mayor, calzas de algodón personalizadas y cotizar bordados escríbenos a nuestro whatsapp que está al inicio de la página al correo o en el botón cotizar.</span></p>

<h3>Calza de algodòn</h3>
<h3>El valor es por 1 unidad.</h3>
<p>Talla estandar</p>
<h3>Cómoda y elàsticada.</h3>
<h6>Colores ,NEGRO,GRIS OSCURO CONSULTAR MAS COLORES EN STOCK al whatsapp</h6>
<h3>Recuerda consultar valores mayoristas a nuestro whatsapp<img loading="lazy" decoding="async" class="wp-image-5111 alignright" src="https://vxmventaspormayor.cl/vxm/wp-content/uploads/2020/04/regalos-publicitarios.jpg" alt="regalos" width="158" height="102" /></h3>
