{"id":2753,"date":"2019-01-08T08:07:19","date_gmt":"2019-01-08T08:07:19","guid":{"rendered":"http:\/\/vxmventaspormayor.cl\/vxm\/?page_id=2753"},"modified":"2019-01-08T08:18:10","modified_gmt":"2019-01-08T08:18:10","slug":"decoracion-empresas-eventos","status":"publish","type":"page","link":"https:\/\/www.vxmventaspormayor.cl\/vxm\/decoracion-empresas-eventos\/","title":{"rendered":"Decoraci\u00f2n para empresas y eventos"},"content":{"rendered":"<p>Decoraci\u00f2n para Empresas ,telas Disponibles en todos los Colores<\/p>\n<p>Decoraci\u00f2n para Matrimonios<\/p>\n<p>Decoraci\u00f2n para eventos<\/p>\n<p>[foogallery id=\u00bb2757&#8243;]<\/p>\n","protected":false},"excerpt":{"rendered":"<p>Decoraci\u00f2n para Empresas ,telas Disponibles en todos los Colores Decoraci\u00f2n para Matrimonios Decoraci\u00f2n para eventos [foogallery id=\u00bb2757&#8243;]<\/p>\n","protected":false},"author":1,"featured_media":0,"parent":0,"menu_order":0,"comment_status":"closed","ping_status":"closed","template":"","meta":{"footnotes":""},"class_list":["post-2753","page","type-page","status-publish","hentry","thunk-woo-product-list","opn-qv-enable","top-store-woo-hover-zoom","top-store-single-product-tab-horizontal","top-store-shadow-","top-store-shadow-hover-"],"_links":{"self":[{"href":"https:\/\/www.vxmventaspormayor.cl\/vxm\/wp-json\/wp\/v2\/pages\/2753","targetHints":{"allow":["GET"]}}],"collection":[{"href":"https:\/\/www.vxmventaspormayor.cl\/vxm\/wp-json\/wp\/v2\/pages"}],"about":[{"href":"https:\/\/www.vxmventaspormayor.cl\/vxm\/wp-json\/wp\/v2\/types\/page"}],"author":[{"embeddable":true,"href":"https:\/\/www.vxmventaspormayor.cl\/vxm\/wp-json\/wp\/v2\/users\/1"}],"replies":[{"embeddable":true,"href":"https:\/\/www.vxmventaspormayor.cl\/vxm\/wp-json\/wp\/v2\/comments?post=2753"}],"version-history":[{"count":3,"href":"https:\/\/www.vxmventaspormayor.cl\/vxm\/wp-json\/wp\/v2\/pages\/2753\/revisions"}],"predecessor-version":[{"id":2764,"href":"https:\/\/www.vxmventaspormayor.cl\/vxm\/wp-json\/wp\/v2\/pages\/2753\/revisions\/2764"}],"wp:attachment":[{"href":"https:\/\/www.vxmventaspormayor.cl\/vxm\/wp-json\/wp\/v2\/media?parent=2753"}],"curies":[{"name":"wp","href":"https:\/\/api.w.org\/{rel}","templated":true}]}}