{"id":195,"date":"2014-11-07T03:03:02","date_gmt":"2014-11-07T03:03:02","guid":{"rendered":"http:\/\/vxmventaspormayor.cl\/vxm\/?page_id=195"},"modified":"2020-03-08T22:43:00","modified_gmt":"2020-03-08T22:43:00","slug":"pecheras-al-por-mayordelantales-de-cocina","status":"publish","type":"page","link":"https:\/\/www.vxmventaspormayor.cl\/vxm\/pecheras-al-por-mayordelantales-de-cocina\/","title":{"rendered":"Pecheras de cocina"},"content":{"rendered":"<h2><span style=\"color: #000000;\">Pecheras de cocina, delantal uniformes gastron\u00f3micos,regalos corporativos,merchandising para tu equipo.<\/span><\/h2>\n<p><span style=\"color: #000000;\"><img loading=\"lazy\" decoding=\"async\" class=\"wp-image-4986 alignnone\" src=\"https:\/\/vxmventaspormayor.cl\/vxm\/wp-content\/uploads\/2020\/03\/circulo-descuentos.gif\" alt=\"pecheras de cocina\" width=\"190\" height=\"190\" srcset=\"https:\/\/www.vxmventaspormayor.cl\/vxm\/wp-content\/uploads\/2020\/03\/circulo-descuentos.gif 500w, https:\/\/www.vxmventaspormayor.cl\/vxm\/wp-content\/uploads\/2020\/03\/circulo-descuentos-320x320.gif 320w\" sizes=\"auto, (max-width: 190px) 100vw, 190px\" \/><img loading=\"lazy\" decoding=\"async\" class=\"wp-image-4993 alignnone\" src=\"https:\/\/vxmventaspormayor.cl\/vxm\/wp-content\/uploads\/2020\/03\/pecheramerchindisingdelantales.gif\" alt=\"\" width=\"189\" height=\"189\" srcset=\"https:\/\/www.vxmventaspormayor.cl\/vxm\/wp-content\/uploads\/2020\/03\/pecheramerchindisingdelantales.gif 500w, https:\/\/www.vxmventaspormayor.cl\/vxm\/wp-content\/uploads\/2020\/03\/pecheramerchindisingdelantales-320x320.gif 320w\" sizes=\"auto, (max-width: 189px) 100vw, 189px\" \/><img loading=\"lazy\" decoding=\"async\" class=\"alignnone wp-image-4998\" src=\"https:\/\/vxmventaspormayor.cl\/vxm\/wp-content\/uploads\/2020\/03\/pecheramerchindisingdelantales-con-logodelantales.gif\" alt=\"\" width=\"274\" height=\"274\" srcset=\"https:\/\/www.vxmventaspormayor.cl\/vxm\/wp-content\/uploads\/2020\/03\/pecheramerchindisingdelantales-con-logodelantales.gif 500w, https:\/\/www.vxmventaspormayor.cl\/vxm\/wp-content\/uploads\/2020\/03\/pecheramerchindisingdelantales-con-logodelantales-320x320.gif 320w\" sizes=\"auto, (max-width: 274px) 100vw, 274px\" \/><img loading=\"lazy\" decoding=\"async\" class=\"wp-image-4996 alignleft\" src=\"https:\/\/vxmventaspormayor.cl\/vxm\/wp-content\/uploads\/2020\/03\/pecheramerchindisingdelantales-con-logo.gif\" alt=\"\" width=\"188\" height=\"188\" srcset=\"https:\/\/www.vxmventaspormayor.cl\/vxm\/wp-content\/uploads\/2020\/03\/pecheramerchindisingdelantales-con-logo.gif 500w, https:\/\/www.vxmventaspormayor.cl\/vxm\/wp-content\/uploads\/2020\/03\/pecheramerchindisingdelantales-con-logo-320x320.gif 320w\" sizes=\"auto, (max-width: 188px) 100vw, 188px\" \/><\/span><\/p>\n<p>&nbsp;<\/p>\n<p><span style=\"color: #000000;\">Compre <strong>delantales de cocina y uniformes gastron\u00f3micos <\/strong>para tu equipo, hechos en diversas telas,Pecheras y delantales para hombres, mujeres, chefs y ni\u00f1os que se pueden usar en la cocina o al aire libre, Toda Nuestra Colecci\u00f3n puede ser personalizada con logo.<\/span><\/p>\n<p><strong>Suministro al por mayor y menor de pecheras y delantales<\/strong> ,suministramos a empresas grandes, empresas medianas y peque\u00f1as a los mejores restaurantes,bares,hoteles,tiendas,para regalos corporativos y merchandising.<\/p>\n<h4>Comience a buscar uniformes ,Pecheras y delantales personalizados,para tu equipo y clientes.<\/h4>\n<p>&nbsp;&nbsp;<a class=\"fasc-button fasc-size-xlarge fasc-type-flat\" style=\"color: #ffffff; background-color: #16701e;\" href=\"http:\/\/vxmventaspormayor.cl\/vxm\/?page_id=562\">Te puedo ayudar?<\/a><\/p>\n<p>[foogallery id=\u00bb1663&#8243;]<\/p>\n<p><a class=\"fasc-button fasc-size-xlarge fasc-type-flat\" style=\"color: #ffffff; background-color: #0b1c4a;\" href=\"http:\/\/vxmventaspormayor.cl\/vxm\/?page_id=562\">Quiero Cotizar<\/a><\/p>\n<h4>Los Delantales y Pecheras de VXM Colecci\u00f2n ,Pecheras de jeans,Pecheras de mezclilla ,delantales de trabajo,packing y merchandising,gastronom\u00eda,y hotelero,se caracterizan por su alta calidad en telas,Tendencia,moda e innovaci\u00f2n.<\/h4>\n<p>Los delantales,mandiles,pecheras y camisas de mezclilla son excelentes para uso personal y su dise\u00f1o resistente se mantiene. Los delantales de mezclilla a menudo tambi\u00e9n son lo suficientemente elegantes para dar una imagen a su Empresa y como regalo Corporativo y merchandising . La mayor\u00eda de nuestros productos de mezclilla est\u00e1n hechos de 100% algod\u00f3n y tienen puntos de tensi\u00f3n reforzados, para una confiabilidad duradera. Las Pecheras de jeans los delantales son ajustables en el cuello para una mayor comodidad,estos se encuentran para adultos y ni\u00f1os en todas las tallas desde xs-s-m-l-xl-xxl-xxxl producto de alta gama y calidad, adecuado para cualquier necesidad. \u00a1No olvides que puedes personalizar sus delantales y camisas de mezclilla agregando bordados! Disponible en todos los Colores.<\/p>\n<p>Recomendaciones para nuestros clientes y visitantes,la mezclilla se recomienda lavar sola ,no con muchas prendas,para una alta durabilidad,ya que al tener tirantes se pueden enrrollar entre ellas ,as\u00ed las pecheras de mezclilla tendr\u00e1n una alta durabilidad,nuestras telas son resistentes ideales para uso en restaurantes,cafeter\u00ecas,hoteler\u00eca,regalos corporativos,merchandising para empresas,eventos y tambi\u00e8n como regalos personales para nuestro equipo,clientes ,amigos.<\/p>\n<p><a class=\"fasc-button fasc-size-xlarge fasc-type-flat\" style=\"color: #ffffff; background-color: #0b1c4a;\" href=\"http:\/\/vxmventaspormayor.cl\/vxm\/?page_id=562\">Quiero Cotizar<\/a><\/p>\n<h5>Por que elegirnos? por que elegir nuestros regalos publicitarios?<\/h5>\n<p>&nbsp;<\/p>\n<div><span style=\"font-size: 0.95em;\">Tenemos una gran variedad de Regalos corporativos en nuestra tienda. Esto le permitir\u00e1 elegir el regalo publicitario&nbsp; que se adapte a sus necesidades. Los regalos corporativos van desde el regalo mas econ\u00f3mico pero muy usado hasta un regalo premiun,nos adecuamos a sus necesidades estamos a su orden,para as\u00ec ayudarle a encontrar el mejor regalo adecuado a su medida y a sus requerimientos.<\/span><\/div>\n<div>&nbsp;<\/div>\n<div><span style=\"color: #222222; font-size: 1.25em; font-weight: bold;\">Precios al por mayor de regalos corporativos<\/span><\/div>\n<div>\n<div>&nbsp;<\/div>\n<div>Comprar\u00e1 los regalos promocionales a precios asequibles ya que vendemos todos nuestros productos a precios de mayorista. Esto le dar\u00e1 un producto de buena calidad a bajo precio. Los precios son diferentes a los que encuentras con los competidores.<\/div>\n<div>&nbsp;<\/div>\n<div>Productos de buena calidad<\/div>\n<div>&nbsp;<\/div>\n<div>Los regalos est\u00e1n hechas de materiales de buena calidad. Se extienden desde materiales simples y econ\u00f3micos hasta materiales de alta durabilidad ,Cada regalo publicitario de merchandising&nbsp; est\u00e1 hecha de material que la hace adecuada para el prop\u00f3sito previsto.<\/div>\n<\/div>\n<h4><span style=\"color: #ff0000;\">CONTACTO 22-7244928&nbsp; 99-6569117<\/span><\/h4>\n<p>&nbsp;<\/p>\n<p>&nbsp;<\/p>\n<p>&nbsp;<\/p>\n<p>&nbsp;<\/p>\n<p style=\"text-align: center;\"><strong>Nuestra Oficina legal,nueva providencia 1881 of 201,Nuestra tienda es solamente y exclusivamente online.<\/strong><\/p>\n<p style=\"text-align: center;\">Para respetar la ley de venta de ofrece libremente muestra de productos a los clientes,para que as\u00ed puedan conocer f\u00edsicamente los productos.<\/p>\n<p style=\"text-align: center;\">Tambi\u00e9n puedes agendar reuniones en compras mayoristas.<\/p>\n<p style=\"text-align: center;\">Tel\u00e9fonos&nbsp; 22-7244928&nbsp; &nbsp;+56996569117&nbsp; &nbsp; &nbsp; &nbsp; &nbsp; &nbsp; &nbsp; Email contacto@vxmventaspormayor.cl<\/p>\n<p style=\"text-align: center;\">Realizado por VXM CORPORATE SOLUTIONS SPA<\/p>\n<p style=\"text-align: center;\"><strong>Todos los derechos de imagenes y dise\u00f1os se encuentran reservados.<\/strong><\/p>\n<p style=\"text-align: center;\">&nbsp;<\/p>\n<p><img loading=\"lazy\" decoding=\"async\" class=\"alignnone wp-image-4120 aligncenter\" src=\"https:\/\/vxmventaspormayor.cl\/vxm\/wp-content\/uploads\/2019\/06\/LOGO.jpg\" alt=\"\" width=\"184\" height=\"130\"><\/p>\n","protected":false},"excerpt":{"rendered":"<p>Pecheras de cocina, delantal uniformes gastron\u00f3micos,regalos corporativos,merchandising para tu equipo. &nbsp; Compre delantales de cocina y uniformes gastron\u00f3micos para tu equipo, hechos en diversas telas,Pecheras y delantales para hombres, mujeres, chefs y ni\u00f1os que se pueden usar en la cocina o al aire libre, Toda Nuestra Colecci\u00f3n puede ser personalizada con logo. Suministro al por &hellip;<\/p>\n<p class=\"read-more\"> <a class=\" thunk-readmore button \" href=\"https:\/\/www.vxmventaspormayor.cl\/vxm\/pecheras-al-por-mayordelantales-de-cocina\/\"> <span class=\"screen-reader-text\">Pecheras de cocina<\/span>Leer m\u00e1s<\/a><\/p>\n","protected":false},"author":1,"featured_media":0,"parent":0,"menu_order":0,"comment_status":"closed","ping_status":"closed","template":"","meta":{"footnotes":""},"class_list":["post-195","page","type-page","status-publish","hentry","thunk-woo-product-list","opn-qv-enable","top-store-woo-hover-zoom","top-store-single-product-tab-horizontal","top-store-shadow-","top-store-shadow-hover-"],"_links":{"self":[{"href":"https:\/\/www.vxmventaspormayor.cl\/vxm\/wp-json\/wp\/v2\/pages\/195","targetHints":{"allow":["GET"]}}],"collection":[{"href":"https:\/\/www.vxmventaspormayor.cl\/vxm\/wp-json\/wp\/v2\/pages"}],"about":[{"href":"https:\/\/www.vxmventaspormayor.cl\/vxm\/wp-json\/wp\/v2\/types\/page"}],"author":[{"embeddable":true,"href":"https:\/\/www.vxmventaspormayor.cl\/vxm\/wp-json\/wp\/v2\/users\/1"}],"replies":[{"embeddable":true,"href":"https:\/\/www.vxmventaspormayor.cl\/vxm\/wp-json\/wp\/v2\/comments?post=195"}],"version-history":[{"count":58,"href":"https:\/\/www.vxmventaspormayor.cl\/vxm\/wp-json\/wp\/v2\/pages\/195\/revisions"}],"predecessor-version":[{"id":5040,"href":"https:\/\/www.vxmventaspormayor.cl\/vxm\/wp-json\/wp\/v2\/pages\/195\/revisions\/5040"}],"wp:attachment":[{"href":"https:\/\/www.vxmventaspormayor.cl\/vxm\/wp-json\/wp\/v2\/media?parent=195"}],"curies":[{"name":"wp","href":"https:\/\/api.w.org\/{rel}","templated":true}]}}